{"id":16017,"date":"2025-11-17T13:27:20","date_gmt":"2025-11-17T11:27:20","guid":{"rendered":"https:\/\/mundimueble.com\/?post_type=product&#038;p=16017"},"modified":"2025-11-17T13:27:21","modified_gmt":"2025-11-17T11:27:21","slug":"base-tapizada-indra","status":"publish","type":"product","link":"https:\/\/mundimueble.com\/index.php\/producto\/base-tapizada-indra\/","title":{"rendered":"Base Tapizada Indra"},"content":{"rendered":"<p>La Base Tapizada Indra es una estructura que aporta un apoyo firme y seguro al colch\u00f3n con tapizado de polipiel en contorno. Elige el acabado que m\u00e1s te guste<\/p>\n<div class=\"fl-col fl-node-6078063eea5a8 fl-col-bg-color\" data-node=\"6078063eea5a8\">\n<div class=\"fl-col-content fl-node-content\">\n<div class=\"fl-module fl-module-uabb-heading fl-node-60780bc9bb339\" data-node=\"60780bc9bb339\">\n<div class=\"fl-module-content fl-node-content\">\n<div class=\"uabb-module-content uabb-heading-wrapper uabb-heading-align-center \">\n<h6 class=\"uabb-heading\"><span class=\"uabb-heading-text\">BASE<\/span><\/h6>\n<div class=\"uabb-subheading uabb-text-editor\">\n<ul>\n<li>Base de\u00a0<strong>gran est\u00e9tica exterior<\/strong>. Tapizado con tejido polipiel y 3D para aireaci\u00f3n.<\/li>\n<li>La superficie interna es un\u00a0<strong>bastidor de madera<\/strong>\u00a0que act\u00faa de base.<\/li>\n<li><strong>Travesa\u00f1os de sujeci\u00f3n<\/strong>\u00a0de refuerzo.<\/li>\n<li>Base preparada para 6 patas de m\u00e9trica 8 de todas las medidas<\/li>\n<li>Relleno con guata de calidad<\/li>\n<\/ul>\n<\/div>\n<\/div>\n<\/div>\n<\/div>\n<div class=\"fl-module fl-module-uabb-heading fl-node-607d31fbc1514\" data-node=\"607d31fbc1514\">\n<div class=\"fl-module-content fl-node-content\">\n<div class=\"uabb-module-content uabb-heading-wrapper uabb-heading-align-center \">\n<h6 class=\"uabb-heading\"><span class=\"uabb-heading-text\">PATAS<\/span><\/h6>\n<div class=\"uabb-module-content uabb-separator-parent\">\n<p>Disponibles en:<\/p>\n<ul>\n<li class=\"uabb-separator\"><strong>Pata canap\u00e9 Inox:<\/strong> pata redonda met\u00e1lica cromada de 14 cm.<\/li>\n<li class=\"uabb-separator\"><strong>Pata canap\u00e9 Copa:<\/strong>\u00a0pata de madera con forma de copa de 16 cm. Acabada en color natural, blanco y marr\u00f3n<\/li>\n<\/ul>\n<\/div>\n<\/div>\n<\/div>\n<\/div>\n<div class=\"fl-module fl-module-info-box fl-node-607d314a95295\" data-node=\"607d314a95295\">\n<div class=\"fl-module-content fl-node-content\">\n<div class=\"uabb-module-content uabb-infobox infobox-left infobox-has-photo infobox-photo-below-title \">\n<div class=\"uabb-infobox-left-right-wrap\">\n<div class=\"uabb-infobox-content\">\n<div class=\"uabb-module-content uabb-imgicon-wrap\">\n<div class=\"uabb-image\n\t\t uabb-image-crop-simple\t\t\"><\/p>\n<div class=\"uabb-image-content\"><img decoding=\"async\" class=\"uabb-photo-img wp-image-14042 entered lazyloaded\" title=\"patas-canapes\" src=\"https:\/\/relax.es\/wp-content\/uploads\/2021\/04\/patas-canapes.jpg\" alt=\"Patas canap\u00e9\" width=\"137\" height=\"69\" data-lazy-src=\"https:\/\/relax.es\/wp-content\/uploads\/2021\/04\/patas-canapes.jpg\" data-ll-status=\"loaded\" \/><\/div>\n<\/div>\n<\/div>\n<\/div>\n<\/div>\n<\/div>\n<\/div>\n<\/div>\n<div class=\"fl-module fl-module-rich-text fl-node-607d370223373\" data-node=\"607d370223373\">\n<div class=\"fl-module-content fl-node-content\">\n<div class=\"fl-rich-text\">\n<p>*No incluidas<\/p>\n<\/div>\n<\/div>\n<\/div>\n<\/div>\n<\/div>\n<div class=\"fl-col fl-node-6078063eea5ac fl-col-bg-color fl-col-small\" data-node=\"6078063eea5ac\">\n<div class=\"fl-col-content fl-node-content\">\n<div class=\"fl-module fl-module-uabb-heading fl-node-607d31b89515a\" data-node=\"607d31b89515a\">\n<div class=\"fl-module-content fl-node-content\">\n<div class=\"uabb-module-content uabb-heading-wrapper uabb-heading-align-center \">\n<h6 class=\"uabb-heading\"><span class=\"uabb-heading-text\">ALTURA<\/span><\/h6>\n<div class=\"uabb-subheading uabb-text-editor\">\n<ul>\n<li>\n<div class=\"zn_text_box eluid3392a15e zn_text_box-light element-scheme--light\">\n<p><strong>Bastidor del canap\u00e9 sin patas<\/strong>: 15 cm (+\/- 1 cm).<\/p>\n<\/div>\n<\/li>\n<\/ul>\n<\/div>\n<\/div>\n<\/div>\n<\/div>\n<div class=\"fl-module fl-module-info-box fl-node-607d36e462e5a\" data-node=\"607d36e462e5a\">\n<div class=\"fl-module-content fl-node-content\">\n<div class=\"uabb-module-content uabb-infobox infobox-left infobox-has-photo infobox-photo-below-title \">\n<div class=\"uabb-infobox-left-right-wrap\">\n<div class=\"uabb-infobox-content\">\n<div class=\"uabb-infobox-title-wrap\">\n<p class=\"uabb-infobox-title\">Colores:<\/p>\n<\/div>\n<div class=\"uabb-module-content uabb-imgicon-wrap\">\n<div class=\"uabb-image\n\t\t uabb-image-crop-simple\t\t\"><\/p>\n<div class=\"uabb-image-content\"><img decoding=\"async\" class=\"uabb-photo-img wp-image-13246 entered lazyloaded\" title=\"colores-arcon\" src=\"https:\/\/relax.es\/wp-content\/uploads\/2021\/04\/colores-arcon.png\" alt=\"Colores Arc\u00f3n\" width=\"300\" height=\"58\" data-lazy-src=\"https:\/\/relax.es\/wp-content\/uploads\/2021\/04\/colores-arcon.png\" data-ll-status=\"loaded\" \/><\/div>\n<\/div>\n<\/div>\n<\/div>\n<\/div>\n<\/div>\n<\/div>\n<\/div>\n<div class=\"fl-module fl-module-uabb-separator fl-node-6078135f3ae20\" data-node=\"6078135f3ae20\">\n<div class=\"fl-module-content fl-node-content\"><\/div>\n<\/div>\n<\/div>\n<\/div>\n","protected":false},"excerpt":{"rendered":"<p>La Base Tapizada Indra es una estructura que aporta un apoyo firme y seguro al colch\u00f3n con tapizado de polipiel en contorno. Elige el acabado que m\u00e1s te guste BASE Base de\u00a0gran est\u00e9tica exterior. Tapizado con tejido polipiel y 3D para aireaci\u00f3n. La superficie interna es un\u00a0bastidor de madera\u00a0que act\u00faa de base. Travesa\u00f1os de sujeci\u00f3n\u00a0de [&hellip;]<\/p>\n","protected":false},"featured_media":16018,"template":"","meta":[],"product_brand":[299],"product_cat":[200],"product_tag":[377],"class_list":{"0":"post-16017","1":"product","2":"type-product","3":"status-publish","4":"has-post-thumbnail","6":"product_brand-colchones-relax","7":"product_cat-somiers-y-bases-tapizadas","8":"product_tag-base-tapizada","10":"entry","11":"has-media","13":"first","14":"instock","15":"taxable","16":"shipping-taxable","17":"product-type-simple","18":"has-product-nav","19":"col","20":"span_1_of_3","21":"owp-content-center","22":"owp-thumbs-layout-horizontal","23":"owp-btn-normal","24":"owp-tabs-layout-horizontal","25":"has-no-thumbnails"},"_links":{"self":[{"href":"https:\/\/mundimueble.com\/index.php\/wp-json\/wp\/v2\/product\/16017","targetHints":{"allow":["GET"]}}],"collection":[{"href":"https:\/\/mundimueble.com\/index.php\/wp-json\/wp\/v2\/product"}],"about":[{"href":"https:\/\/mundimueble.com\/index.php\/wp-json\/wp\/v2\/types\/product"}],"version-history":[{"count":0,"href":"https:\/\/mundimueble.com\/index.php\/wp-json\/wp\/v2\/product\/16017\/revisions"}],"wp:featuredmedia":[{"embeddable":true,"href":"https:\/\/mundimueble.com\/index.php\/wp-json\/wp\/v2\/media\/16018"}],"wp:attachment":[{"href":"https:\/\/mundimueble.com\/index.php\/wp-json\/wp\/v2\/media?parent=16017"}],"wp:term":[{"taxonomy":"product_brand","embeddable":true,"href":"https:\/\/mundimueble.com\/index.php\/wp-json\/wp\/v2\/product_brand?post=16017"},{"taxonomy":"product_cat","embeddable":true,"href":"https:\/\/mundimueble.com\/index.php\/wp-json\/wp\/v2\/product_cat?post=16017"},{"taxonomy":"product_tag","embeddable":true,"href":"https:\/\/mundimueble.com\/index.php\/wp-json\/wp\/v2\/product_tag?post=16017"}],"curies":[{"name":"wp","href":"https:\/\/api.w.org\/{rel}","templated":true}]}}

<p>La Base Tapizada Indra es una estructura que aporta un apoyo firme y seguro al colchón con tapizado de polipiel en contorno. Elige el acabado que más te guste</p>
<div class="fl-col fl-node-6078063eea5a8 fl-col-bg-color" data-node="6078063eea5a8">
<div class="fl-col-content fl-node-content">
<div class="fl-module fl-module-uabb-heading fl-node-60780bc9bb339" data-node="60780bc9bb339">
<div class="fl-module-content fl-node-content">
<div class="uabb-module-content uabb-heading-wrapper uabb-heading-align-center ">
<h6 class="uabb-heading"><span class="uabb-heading-text">BASE</span></h6>
<div class="uabb-subheading uabb-text-editor">
<ul>
<li>Base de <strong>gran estética exterior</strong>. Tapizado con tejido polipiel y 3D para aireación.</li>
<li>La superficie interna es un <strong>bastidor de madera</strong> que actúa de base.</li>
<li><strong>Travesaños de sujeción</strong> de refuerzo.</li>
<li>Base preparada para 6 patas de métrica 8 de todas las medidas</li>
<li>Relleno con guata de calidad</li>
</ul>
</div>
</div>
</div>
</div>
<div class="fl-module fl-module-uabb-heading fl-node-607d31fbc1514" data-node="607d31fbc1514">
<div class="fl-module-content fl-node-content">
<div class="uabb-module-content uabb-heading-wrapper uabb-heading-align-center ">
<h6 class="uabb-heading"><span class="uabb-heading-text">PATAS</span></h6>
<div class="uabb-module-content uabb-separator-parent">
<p>Disponibles en:</p>
<ul>
<li class="uabb-separator"><strong>Pata canapé Inox:</strong> pata redonda metálica cromada de 14 cm.</li>
<li class="uabb-separator"><strong>Pata canapé Copa:</strong> pata de madera con forma de copa de 16 cm. Acabada en color natural, blanco y marrón</li>
</ul>
</div>
</div>
</div>
</div>
<div class="fl-module fl-module-info-box fl-node-607d314a95295" data-node="607d314a95295">
<div class="fl-module-content fl-node-content">
<div class="uabb-module-content uabb-infobox infobox-left infobox-has-photo infobox-photo-below-title ">
<div class="uabb-infobox-left-right-wrap">
<div class="uabb-infobox-content">
<div class="uabb-module-content uabb-imgicon-wrap">
<div class="uabb-image
		 uabb-image-crop-simple		"></p>
<div class="uabb-image-content"><img decoding="async" class="uabb-photo-img wp-image-14042 entered lazyloaded" title="patas-canapes" src="https://relax.es/wp-content/uploads/2021/04/patas-canapes.jpg" alt="Patas canapé" width="137" height="69" data-lazy-src="https://relax.es/wp-content/uploads/2021/04/patas-canapes.jpg" data-ll-status="loaded" /></div>
</div>
</div>
</div>
</div>
</div>
</div>
</div>
<div class="fl-module fl-module-rich-text fl-node-607d370223373" data-node="607d370223373">
<div class="fl-module-content fl-node-content">
<div class="fl-rich-text">
<p>*No incluidas</p>
</div>
</div>
</div>
</div>
</div>
<div class="fl-col fl-node-6078063eea5ac fl-col-bg-color fl-col-small" data-node="6078063eea5ac">
<div class="fl-col-content fl-node-content">
<div class="fl-module fl-module-uabb-heading fl-node-607d31b89515a" data-node="607d31b89515a">
<div class="fl-module-content fl-node-content">
<div class="uabb-module-content uabb-heading-wrapper uabb-heading-align-center ">
<h6 class="uabb-heading"><span class="uabb-heading-text">ALTURA</span></h6>
<div class="uabb-subheading uabb-text-editor">
<ul>
<li>
<div class="zn_text_box eluid3392a15e zn_text_box-light element-scheme--light">
<p><strong>Bastidor del canapé sin patas</strong>: 15 cm (+/- 1 cm).</p>
</div>
</li>
</ul>
</div>
</div>
</div>
</div>
<div class="fl-module fl-module-info-box fl-node-607d36e462e5a" data-node="607d36e462e5a">
<div class="fl-module-content fl-node-content">
<div class="uabb-module-content uabb-infobox infobox-left infobox-has-photo infobox-photo-below-title ">
<div class="uabb-infobox-left-right-wrap">
<div class="uabb-infobox-content">
<div class="uabb-infobox-title-wrap">
<p class="uabb-infobox-title">Colores:</p>
</div>
<div class="uabb-module-content uabb-imgicon-wrap">
<div class="uabb-image
		 uabb-image-crop-simple		"></p>
<div class="uabb-image-content"><img decoding="async" class="uabb-photo-img wp-image-13246 entered lazyloaded" title="colores-arcon" src="https://relax.es/wp-content/uploads/2021/04/colores-arcon.png" alt="Colores Arcón" width="300" height="58" data-lazy-src="https://relax.es/wp-content/uploads/2021/04/colores-arcon.png" data-ll-status="loaded" /></div>
</div>
</div>
</div>
</div>
</div>
</div>
</div>
<div class="fl-module fl-module-uabb-separator fl-node-6078135f3ae20" data-node="6078135f3ae20">
<div class="fl-module-content fl-node-content"></div>
</div>
</div>
</div>

<p>La Base Tapizada Indra es una estructura que aporta un apoyo firme y seguro al colchón con tapizado de polipiel en contorno. Elige el acabado que más te guste BASE Base de gran estética exterior. Tapizado con tejido polipiel y 3D para aireación. La superficie interna es un bastidor de madera que actúa de base. Travesaños de sujeción de [&hellip;]</p>
