{"id":16015,"date":"2025-11-17T13:15:58","date_gmt":"2025-11-17T11:15:58","guid":{"rendered":"https:\/\/mundimueble.com\/?post_type=product&#038;p=16015"},"modified":"2025-11-17T13:23:45","modified_gmt":"2025-11-17T11:23:45","slug":"base-tapizada-ares","status":"publish","type":"product","link":"https:\/\/mundimueble.com\/index.php\/producto\/base-tapizada-ares\/","title":{"rendered":"Base Tapizada Ares"},"content":{"rendered":"<p>La Base Tapizada Ares se presenta como una estructura que aporta un apoyo firme y seguro al colch\u00f3n potenciando las cualidades del mismo.<\/p>\n<div class=\"fl-col fl-node-6078063eea5a8 fl-col-bg-color\" data-node=\"6078063eea5a8\">\n<div class=\"fl-col-content fl-node-content\">\n<div class=\"fl-module fl-module-uabb-heading fl-node-60780bc9bb339\" data-node=\"60780bc9bb339\">\n<div class=\"fl-module-content fl-node-content\">\n<div class=\"uabb-module-content uabb-heading-wrapper uabb-heading-align-center \">\n<h6 class=\"uabb-heading\"><span class=\"uabb-heading-text\">COMPONENTES<\/span><\/h6>\n<div class=\"uabb-subheading uabb-text-editor\">\n<ul>\n<li>Tubo de acero. 5 travesa\u00f1os de refuerzo<\/li>\n<li>Soporte interior de aglomerado<\/li>\n<li><b>Tapizado con tejido 3D beige para mayor aireaci\u00f3n del colch\u00f3n<\/b><\/li>\n<li>Esquinas redondeadas<\/li>\n<li>Antideslizamiento y antimoho<\/li>\n<\/ul>\n<\/div>\n<\/div>\n<\/div>\n<\/div>\n<div class=\"fl-module fl-module-uabb-heading fl-node-607d31fbc1514\" data-node=\"607d31fbc1514\">\n<div class=\"fl-module-content fl-node-content\">\n<div class=\"uabb-module-content uabb-heading-wrapper uabb-heading-align-center \">\n<h6 class=\"uabb-heading\"><span class=\"uabb-heading-text\">ALTURA<\/span><\/h6>\n<div class=\"uabb-subheading uabb-text-editor\">\n<ul>\n<li>\n<div class=\"zn_text_box eluiddaaed4b8 zn_text_box-light element-scheme--light\">\n<p>5 cm (sin patas)<\/p>\n<\/div>\n<\/li>\n<\/ul>\n<\/div>\n<\/div>\n<\/div>\n<\/div>\n<\/div>\n<\/div>\n<div class=\"fl-col fl-node-6078063eea5ac fl-col-bg-color fl-col-small\" data-node=\"6078063eea5ac\">\n<div class=\"fl-col-content fl-node-content\">\n<div class=\"fl-module fl-module-uabb-heading fl-node-607d469e90539\" data-node=\"607d469e90539\">\n<div class=\"fl-module-content fl-node-content\">\n<div class=\"uabb-module-content uabb-heading-wrapper uabb-heading-align-center \">\n<h6 class=\"uabb-heading\"><span class=\"uabb-heading-text\">PATAS<\/span><\/h6>\n<div class=\"uabb-subheading uabb-text-editor\">\n<ul>\n<li>\n<div class=\"zn_text_box eluiddaaed4b8 zn_text_box-light element-scheme--light\">\n<p>6 patas hasta 135. A partir de 135 incluido, 7 patas. Preparado para pata m\u00e9trica 10<\/p>\n<\/div>\n<\/li>\n<\/ul>\n<\/div>\n<\/div>\n<\/div>\n<\/div>\n<div class=\"fl-module fl-module-uabb-separator fl-node-6078135f3ae20\" data-node=\"6078135f3ae20\">\n<div class=\"fl-module-content fl-node-content\"><\/div>\n<\/div>\n<\/div>\n<\/div>\n<div class=\"fl-row fl-row-full-width fl-row-bg-none fl-node-5c0779af79fe8 fl-row-default-height fl-row-align-center\" data-node=\"5c0779af79fe8\">\n<div class=\"fl-row-content-wrap\">\n<div class=\"fl-row-content fl-row-fixed-width fl-node-content\">\n<div class=\"fl-col-group fl-node-5c077bac62bcc\" data-node=\"5c077bac62bcc\">\n<div class=\"fl-col fl-node-5c077bac62ca5 fl-col-bg-color fl-col-has-cols\" data-node=\"5c077bac62ca5\">\n<div class=\"fl-col-content fl-node-content\">\n<div class=\"fl-col-group fl-node-5c077bb001d04 fl-col-group-nested\" data-node=\"5c077bb001d04\">\n<div class=\"fl-col fl-node-5c077bb001dbb fl-col-bg-color\" data-node=\"5c077bb001dbb\">\n<div class=\"fl-col-content fl-node-content\">\n<div class=\"fl-module fl-module-photo fl-node-607e9fb8c9c4f\" data-node=\"607e9fb8c9c4f\">\n<div class=\"fl-module-content fl-node-content\"><\/div>\n<\/div>\n<\/div>\n<\/div>\n<\/div>\n<\/div>\n<\/div>\n<\/div>\n<\/div>\n<\/div>\n<\/div>\n","protected":false},"excerpt":{"rendered":"<p>La Base Tapizada Ares se presenta como una estructura que aporta un apoyo firme y seguro al colch\u00f3n potenciando las cualidades del mismo. COMPONENTES Tubo de acero. 5 travesa\u00f1os de refuerzo Soporte interior de aglomerado Tapizado con tejido 3D beige para mayor aireaci\u00f3n del colch\u00f3n Esquinas redondeadas Antideslizamiento y antimoho ALTURA 5 cm (sin patas) [&hellip;]<\/p>\n","protected":false},"featured_media":16016,"template":"","meta":[],"product_brand":[299],"product_cat":[200],"product_tag":[377],"class_list":{"0":"post-16015","1":"product","2":"type-product","3":"status-publish","4":"has-post-thumbnail","6":"product_brand-colchones-relax","7":"product_cat-somiers-y-bases-tapizadas","8":"product_tag-base-tapizada","10":"entry","11":"has-media","13":"first","14":"instock","15":"taxable","16":"shipping-taxable","17":"product-type-simple","18":"has-product-nav","19":"col","20":"span_1_of_3","21":"owp-content-center","22":"owp-thumbs-layout-horizontal","23":"owp-btn-normal","24":"owp-tabs-layout-horizontal","25":"has-no-thumbnails"},"_links":{"self":[{"href":"https:\/\/mundimueble.com\/index.php\/wp-json\/wp\/v2\/product\/16015","targetHints":{"allow":["GET"]}}],"collection":[{"href":"https:\/\/mundimueble.com\/index.php\/wp-json\/wp\/v2\/product"}],"about":[{"href":"https:\/\/mundimueble.com\/index.php\/wp-json\/wp\/v2\/types\/product"}],"version-history":[{"count":0,"href":"https:\/\/mundimueble.com\/index.php\/wp-json\/wp\/v2\/product\/16015\/revisions"}],"wp:featuredmedia":[{"embeddable":true,"href":"https:\/\/mundimueble.com\/index.php\/wp-json\/wp\/v2\/media\/16016"}],"wp:attachment":[{"href":"https:\/\/mundimueble.com\/index.php\/wp-json\/wp\/v2\/media?parent=16015"}],"wp:term":[{"taxonomy":"product_brand","embeddable":true,"href":"https:\/\/mundimueble.com\/index.php\/wp-json\/wp\/v2\/product_brand?post=16015"},{"taxonomy":"product_cat","embeddable":true,"href":"https:\/\/mundimueble.com\/index.php\/wp-json\/wp\/v2\/product_cat?post=16015"},{"taxonomy":"product_tag","embeddable":true,"href":"https:\/\/mundimueble.com\/index.php\/wp-json\/wp\/v2\/product_tag?post=16015"}],"curies":[{"name":"wp","href":"https:\/\/api.w.org\/{rel}","templated":true}]}}