{"id":16005,"date":"2025-11-17T12:24:02","date_gmt":"2025-11-17T10:24:02","guid":{"rendered":"https:\/\/mundimueble.com\/?post_type=product&#038;p=16005"},"modified":"2025-11-17T12:26:08","modified_gmt":"2025-11-17T10:26:08","slug":"arcon-abatible-deco","status":"publish","type":"product","link":"https:\/\/mundimueble.com\/index.php\/producto\/arcon-abatible-deco\/","title":{"rendered":"Arc\u00f3n abatible Deco"},"content":{"rendered":"<p>El arc\u00f3n abatible Deco es un canap\u00e9 con tapa abatible de gran funcionalidad para disponer de un espacio extra de almacenamiento. Dise\u00f1ado con tejido exclusivo de tapicer\u00eda para que se integre en la decoraci\u00f3n de tu habitaci\u00f3n<\/p>\n<div class=\"fl-col fl-node-6078063eea5a8 fl-col-bg-color\" data-node=\"6078063eea5a8\">\n<div class=\"fl-col-content fl-node-content\">\n<div class=\"fl-module fl-module-uabb-heading fl-node-60780a089d04d\" data-node=\"60780a089d04d\">\n<div class=\"fl-module-content fl-node-content\">\n<div class=\"uabb-module-content uabb-heading-wrapper uabb-heading-align-center \">\n<h6 class=\"uabb-heading\"><span class=\"uabb-heading-text\">TAPA<\/span><\/h6>\n<div class=\"uabb-subheading uabb-text-editor\">\n<ul>\n<li><strong>Tubo de acero\u00a0<\/strong>con largueros de refuerzo.<\/li>\n<li>Tapa superpuesta tapizada con contorno en\u00a0<strong>tejido de tapicer\u00eda y tejido 3D negro\u00a0<\/strong>para<strong>\u00a0mayor aireaci\u00f3n del colch\u00f3n<\/strong>.<\/li>\n<li><strong>Tirador integrado<\/strong>.<\/li>\n<li><strong>Antideslizamiento y antimoho<\/strong>.<\/li>\n<li>Sistema de\u00a0<strong>apertura por resorte de gas.<\/strong><\/li>\n<li><strong>Asa<\/strong>\u00a0sujeta colch\u00f3n.<\/li>\n<\/ul>\n<\/div>\n<\/div>\n<\/div>\n<\/div>\n<div class=\"fl-module fl-module-rich-text fl-node-6078214c7b78c\" data-node=\"6078214c7b78c\">\n<div class=\"fl-module-content fl-node-content\">\n<div class=\"fl-rich-text\">\n<p><strong>Altura: <\/strong>37 cm (+\/- 1 cm)<\/p>\n<\/div>\n<\/div>\n<\/div>\n<\/div>\n<\/div>\n<div class=\"fl-col fl-node-6078063eea5ac fl-col-bg-color fl-col-small\" data-node=\"6078063eea5ac\">\n<div class=\"fl-col-content fl-node-content\">\n<div class=\"fl-module fl-module-uabb-heading fl-node-60780bc9bb339\" data-node=\"60780bc9bb339\">\n<div class=\"fl-module-content fl-node-content\">\n<div class=\"uabb-module-content uabb-heading-wrapper uabb-heading-align-left \">\n<h6 class=\"uabb-heading\"><span class=\"uabb-heading-text\">M\u00d3DULOS<\/span><\/h6>\n<div class=\"uabb-subheading uabb-text-editor\">\n<div class=\"zn_text_box eluid93d58f6d zn_text_box-light element-scheme--light\">\n<ul>\n<li><b>S\u00f3lida estructura de acero.<\/b><\/li>\n<li><strong>Gran capacidad interior<\/strong>: 29 cm.<\/li>\n<li><b>Tapizado con tejido de tapicer\u00eda de gran resistencia y suavidad.<\/b><\/li>\n<li><strong>Esquinas redondeadas<\/strong>.<\/li>\n<li>Acabado de los m\u00f3dulos al suelo con gu\u00eda de apoyo antipolvo.<\/li>\n<\/ul>\n<\/div>\n<\/div>\n<\/div>\n<\/div>\n<\/div>\n<\/div>\n<\/div>\n","protected":false},"excerpt":{"rendered":"<p>El arc\u00f3n abatible Deco es un canap\u00e9 con tapa abatible de gran funcionalidad para disponer de un espacio extra de almacenamiento. Dise\u00f1ado con tejido exclusivo de tapicer\u00eda para que se integre en la decoraci\u00f3n de tu habitaci\u00f3n TAPA Tubo de acero\u00a0con largueros de refuerzo. Tapa superpuesta tapizada con contorno en\u00a0tejido de tapicer\u00eda y tejido 3D [&hellip;]<\/p>\n","protected":false},"featured_media":16007,"template":"","meta":[],"product_brand":[299],"product_cat":[201],"product_tag":[376],"class_list":{"0":"post-16005","1":"product","2":"type-product","3":"status-publish","4":"has-post-thumbnail","6":"product_brand-colchones-relax","7":"product_cat-canapes","8":"product_tag-canape","10":"entry","11":"has-media","13":"first","14":"instock","15":"taxable","16":"shipping-taxable","17":"product-type-simple","18":"has-product-nav","19":"col","20":"span_1_of_3","21":"owp-content-center","22":"owp-thumbs-layout-horizontal","23":"owp-btn-normal","24":"owp-tabs-layout-horizontal","25":"has-no-thumbnails"},"_links":{"self":[{"href":"https:\/\/mundimueble.com\/index.php\/wp-json\/wp\/v2\/product\/16005","targetHints":{"allow":["GET"]}}],"collection":[{"href":"https:\/\/mundimueble.com\/index.php\/wp-json\/wp\/v2\/product"}],"about":[{"href":"https:\/\/mundimueble.com\/index.php\/wp-json\/wp\/v2\/types\/product"}],"version-history":[{"count":0,"href":"https:\/\/mundimueble.com\/index.php\/wp-json\/wp\/v2\/product\/16005\/revisions"}],"wp:featuredmedia":[{"embeddable":true,"href":"https:\/\/mundimueble.com\/index.php\/wp-json\/wp\/v2\/media\/16007"}],"wp:attachment":[{"href":"https:\/\/mundimueble.com\/index.php\/wp-json\/wp\/v2\/media?parent=16005"}],"wp:term":[{"taxonomy":"product_brand","embeddable":true,"href":"https:\/\/mundimueble.com\/index.php\/wp-json\/wp\/v2\/product_brand?post=16005"},{"taxonomy":"product_cat","embeddable":true,"href":"https:\/\/mundimueble.com\/index.php\/wp-json\/wp\/v2\/product_cat?post=16005"},{"taxonomy":"product_tag","embeddable":true,"href":"https:\/\/mundimueble.com\/index.php\/wp-json\/wp\/v2\/product_tag?post=16005"}],"curies":[{"name":"wp","href":"https:\/\/api.w.org\/{rel}","templated":true}]}}