{"id":15999,"date":"2025-11-15T14:12:56","date_gmt":"2025-11-15T12:12:56","guid":{"rendered":"https:\/\/mundimueble.com\/?post_type=product&#038;p=15999"},"modified":"2025-11-15T14:12:57","modified_gmt":"2025-11-15T12:12:57","slug":"canape-abatible-new-avant","status":"publish","type":"product","link":"https:\/\/mundimueble.com\/index.php\/producto\/canape-abatible-new-avant\/","title":{"rendered":"Canap\u00e9 Abatible New Avant"},"content":{"rendered":"<p>El Canap\u00e9 Abatible New Avant cuenta con estructura de madera y tapa abatible de gran funcionalidad para disponer de un espacio extra de almacenamiento. Con patas, para que pueda pasar tu robot aspirador.<\/p>\n<h6><strong>Tapa<\/strong><\/h6>\n<div class=\"fl-col fl-node-1bhvc289yeta fl-col-bg-color\" data-node=\"1bhvc289yeta\">\n<div class=\"fl-col-content fl-node-content\">\n<div class=\"fl-module fl-module-uabb-heading fl-node-7zwf195r8ijp\" data-node=\"7zwf195r8ijp\">\n<div class=\"fl-module-content fl-node-content\">\n<div class=\"uabb-module-content uabb-heading-wrapper uabb-heading-align-center \">\n<div class=\"uabb-subheading uabb-text-editor\">\n<ul>\n<li>Tapa superpuesta tapizada con\u00a0<strong>tejido 3D para mayor aireaci\u00f3n del colch\u00f3n.<\/strong><\/li>\n<li>Madera con perforaciones para una ventilaci\u00f3n total del conjunto.<\/li>\n<li>Tubo de acero. 2 largueros de refuerzo.<\/li>\n<li><strong>Tirador integrado.<\/strong><\/li>\n<li><strong>Antideslizamiento y antimoho.<\/strong><\/li>\n<li>Sistema de\u00a0<strong>apertura por resorte hidr\u00e1ulico<\/strong>.<\/li>\n<li><strong>Altura:<\/strong> 41 cm (+\/- 1 cm)<\/li>\n<\/ul>\n<\/div>\n<\/div>\n<\/div>\n<\/div>\n<\/div>\n<\/div>\n<div class=\"fl-col fl-node-p2qxkfzd9oac fl-col-bg-color fl-col-small\" data-node=\"p2qxkfzd9oac\">\n<div class=\"fl-col-content fl-node-content\">\n<div class=\"fl-module fl-module-uabb-heading fl-node-sunwlf0r9vya\" data-node=\"sunwlf0r9vya\">\n<div class=\"fl-module-content fl-node-content\">\n<div class=\"uabb-module-content uabb-heading-wrapper uabb-heading-align-center \">\n<h6 class=\"uabb-heading\"><span class=\"uabb-heading-text\">M\u00d3DULOS<\/span><\/h6>\n<div class=\"uabb-subheading uabb-text-editor\">\n<div class=\"zn_text_box eluid93d58f6d zn_text_box-light element-scheme--light\">\n<ul>\n<li>Soporte aglomerado AR, recubierto de melamina de 30 mm de grosor.<\/li>\n<li><strong>Gran capacidad interior<\/strong>: 22 cm de altura.<\/li>\n<li>4 patas de madera.<strong>\u00a0Ideal para que quepa tu Robot aspirador.<\/strong><\/li>\n<li>4 patas de refuerzo de altura regulable.<\/li>\n<li>Esquinas redondeadas.<\/li>\n<\/ul>\n<\/div>\n<\/div>\n<\/div>\n<\/div>\n<\/div>\n<div class=\"fl-module fl-module-uabb-separator fl-node-wqobt75pry4a\" data-node=\"wqobt75pry4a\">\n<div class=\"fl-module-content fl-node-content\"><\/div>\n<\/div>\n<\/div>\n<\/div>\n","protected":false},"excerpt":{"rendered":"<p>El Canap\u00e9 Abatible New Avant cuenta con estructura de madera y tapa abatible de gran funcionalidad para disponer de un espacio extra de almacenamiento. Con patas, para que pueda pasar tu robot aspirador. Tapa Tapa superpuesta tapizada con\u00a0tejido 3D para mayor aireaci\u00f3n del colch\u00f3n. Madera con perforaciones para una ventilaci\u00f3n total del conjunto. Tubo de [&hellip;]<\/p>\n","protected":false},"featured_media":16001,"template":"","meta":[],"product_brand":[299],"product_cat":[201],"product_tag":[376],"class_list":{"0":"post-15999","1":"product","2":"type-product","3":"status-publish","4":"has-post-thumbnail","6":"product_brand-colchones-relax","7":"product_cat-canapes","8":"product_tag-canape","10":"entry","11":"has-media","13":"first","14":"instock","15":"taxable","16":"shipping-taxable","17":"product-type-simple","18":"has-product-nav","19":"col","20":"span_1_of_3","21":"owp-content-center","22":"owp-thumbs-layout-horizontal","23":"owp-btn-normal","24":"owp-tabs-layout-horizontal"},"_links":{"self":[{"href":"https:\/\/mundimueble.com\/index.php\/wp-json\/wp\/v2\/product\/15999","targetHints":{"allow":["GET"]}}],"collection":[{"href":"https:\/\/mundimueble.com\/index.php\/wp-json\/wp\/v2\/product"}],"about":[{"href":"https:\/\/mundimueble.com\/index.php\/wp-json\/wp\/v2\/types\/product"}],"version-history":[{"count":0,"href":"https:\/\/mundimueble.com\/index.php\/wp-json\/wp\/v2\/product\/15999\/revisions"}],"wp:featuredmedia":[{"embeddable":true,"href":"https:\/\/mundimueble.com\/index.php\/wp-json\/wp\/v2\/media\/16001"}],"wp:attachment":[{"href":"https:\/\/mundimueble.com\/index.php\/wp-json\/wp\/v2\/media?parent=15999"}],"wp:term":[{"taxonomy":"product_brand","embeddable":true,"href":"https:\/\/mundimueble.com\/index.php\/wp-json\/wp\/v2\/product_brand?post=15999"},{"taxonomy":"product_cat","embeddable":true,"href":"https:\/\/mundimueble.com\/index.php\/wp-json\/wp\/v2\/product_cat?post=15999"},{"taxonomy":"product_tag","embeddable":true,"href":"https:\/\/mundimueble.com\/index.php\/wp-json\/wp\/v2\/product_tag?post=15999"}],"curies":[{"name":"wp","href":"https:\/\/api.w.org\/{rel}","templated":true}]}}