{"id":15483,"date":"2025-10-08T12:11:47","date_gmt":"2025-10-08T10:11:47","guid":{"rendered":"https:\/\/mundimueble.com\/?post_type=product&#038;p=15483"},"modified":"2025-10-08T12:14:46","modified_gmt":"2025-10-08T10:14:46","slug":"comedor-de-jardin-arran","status":"publish","type":"product","link":"https:\/\/mundimueble.com\/index.php\/producto\/comedor-de-jardin-arran\/","title":{"rendered":"Comedor de Jard\u00edn Arr\u00e1n"},"content":{"rendered":"<p>Conjunto Comedor de Jard\u00edn Arr\u00e1n, del cat\u00e1logo Majestic Garden, fabricado por Luna S.A.<\/p>\n","protected":false},"excerpt":{"rendered":"<p>Conjunto Comedor de Jard\u00edn Arr\u00e1n, del cat\u00e1logo Majestic Garden, fabricado por Luna S.A.<\/p>\n","protected":false},"featured_media":15484,"template":"","meta":[],"product_brand":[343],"product_cat":[258,196],"product_tag":[241,348],"class_list":{"0":"post-15483","1":"product","2":"type-product","3":"status-publish","4":"has-post-thumbnail","6":"product_brand-distribuciones-luna-s-a","7":"product_cat-comedores-de-jardin","8":"product_cat-muebles-de-jardin","9":"product_tag-comedor","10":"product_tag-muebles-exterior","12":"entry","13":"has-media","15":"first","16":"instock","17":"taxable","18":"shipping-taxable","19":"product-type-simple","20":"has-product-nav","21":"col","22":"span_1_of_3","23":"owp-content-center","24":"owp-thumbs-layout-horizontal","25":"owp-btn-normal","26":"owp-tabs-layout-horizontal"},"_links":{"self":[{"href":"https:\/\/mundimueble.com\/index.php\/wp-json\/wp\/v2\/product\/15483","targetHints":{"allow":["GET"]}}],"collection":[{"href":"https:\/\/mundimueble.com\/index.php\/wp-json\/wp\/v2\/product"}],"about":[{"href":"https:\/\/mundimueble.com\/index.php\/wp-json\/wp\/v2\/types\/product"}],"version-history":[{"count":0,"href":"https:\/\/mundimueble.com\/index.php\/wp-json\/wp\/v2\/product\/15483\/revisions"}],"wp:featuredmedia":[{"embeddable":true,"href":"https:\/\/mundimueble.com\/index.php\/wp-json\/wp\/v2\/media\/15484"}],"wp:attachment":[{"href":"https:\/\/mundimueble.com\/index.php\/wp-json\/wp\/v2\/media?parent=15483"}],"wp:term":[{"taxonomy":"product_brand","embeddable":true,"href":"https:\/\/mundimueble.com\/index.php\/wp-json\/wp\/v2\/product_brand?post=15483"},{"taxonomy":"product_cat","embeddable":true,"href":"https:\/\/mundimueble.com\/index.php\/wp-json\/wp\/v2\/product_cat?post=15483"},{"taxonomy":"product_tag","embeddable":true,"href":"https:\/\/mundimueble.com\/index.php\/wp-json\/wp\/v2\/product_tag?post=15483"}],"curies":[{"name":"wp","href":"https:\/\/api.w.org\/{rel}","templated":true}]}}

Comedor de Jardín Arrán

<p>Conjunto Comedor de Jardín Arrán, del catálogo Majestic Garden, fabricado por Luna S.A.</p>
