{"id":15255,"date":"2025-09-10T11:21:11","date_gmt":"2025-09-10T09:21:11","guid":{"rendered":"https:\/\/mundimueble.com\/?post_type=product&#038;p=15255"},"modified":"2025-09-24T12:57:04","modified_gmt":"2025-09-24T10:57:04","slug":"sofa-fijo-sophie","status":"publish","type":"product","link":"https:\/\/mundimueble.com\/index.php\/producto\/sofa-fijo-sophie\/","title":{"rendered":"Sof\u00e1 Fijo Sophie"},"content":{"rendered":"<div class=\"section\"><b><i>Si estas buscando un sof\u00e1 que eleve el estilo y la sofisticaci\u00f3n de tu hogar, la l\u00ednea Aurum es la elecci\u00f3n perfecta. Estamos aqu\u00ed para ayudarte a crear el hogar de tus sue\u00f1os.<\/i><\/b><\/div>\n<div class=\"section\"><\/div>\n<div class=\"section\">\n<div class=\"section\"><b>SOPHIE,\u00a0<\/b>se caracteriza por su dise\u00f1o compacto y sus formas rectangulares. Esta pieza aporta una sensaci\u00f3n de belleza, armon\u00eda y modernidad al espacio donde se ubica, otorgando al espacio un componente \u00fanico, creando as\u00ed el \u00e1rea de descanso ideal.<\/div>\n<div class=\"section\"><\/div>\n<div class=\"section\"><\/div>\n<div class=\"section\">Este sof\u00e1 cuenta con suaves respaldos ergon\u00f3micos en MICROFIBER EKO. Sus asientos de espuma de poliuretano HR42 \u201cHIPERFLEX\u201d recubiertos en MICROFIBER EKO aportan un extraordinario confort, suavidad y capacidad t\u00e9rmica. La suma de sus componentes es la clave para conseguir una postura c\u00f3moda, saludable y un reparto de presiones equilibrado.<\/div>\n<\/div>\n","protected":false},"excerpt":{"rendered":"<p>Si estas buscando un sof\u00e1 que eleve el estilo y la sofisticaci\u00f3n de tu hogar, la l\u00ednea Aurum es la elecci\u00f3n perfecta. Estamos aqu\u00ed para ayudarte a crear el hogar de tus sue\u00f1os. SOPHIE,\u00a0se caracteriza por su dise\u00f1o compacto y sus formas rectangulares. Esta pieza aporta una sensaci\u00f3n de belleza, armon\u00eda y modernidad al espacio [&hellip;]<\/p>\n","protected":false},"featured_media":15258,"template":"","meta":[],"product_brand":[320],"product_cat":[204,195],"product_tag":[324,322,297],"class_list":{"0":"post-15255","1":"product","2":"type-product","3":"status-publish","4":"has-post-thumbnail","6":"product_brand-mayor-tapizados","7":"product_cat-sofas-y-chaiselongues","8":"product_cat-sofas-y-sillones","9":"product_tag-aurum","10":"product_tag-chaise-longue","11":"product_tag-sofa","13":"entry","14":"has-media","16":"first","17":"instock","18":"taxable","19":"shipping-taxable","20":"product-type-simple","21":"has-product-nav","22":"col","23":"span_1_of_3","24":"owp-content-center","25":"owp-thumbs-layout-horizontal","26":"owp-btn-normal","27":"owp-tabs-layout-horizontal"},"_links":{"self":[{"href":"https:\/\/mundimueble.com\/index.php\/wp-json\/wp\/v2\/product\/15255","targetHints":{"allow":["GET"]}}],"collection":[{"href":"https:\/\/mundimueble.com\/index.php\/wp-json\/wp\/v2\/product"}],"about":[{"href":"https:\/\/mundimueble.com\/index.php\/wp-json\/wp\/v2\/types\/product"}],"version-history":[{"count":0,"href":"https:\/\/mundimueble.com\/index.php\/wp-json\/wp\/v2\/product\/15255\/revisions"}],"wp:featuredmedia":[{"embeddable":true,"href":"https:\/\/mundimueble.com\/index.php\/wp-json\/wp\/v2\/media\/15258"}],"wp:attachment":[{"href":"https:\/\/mundimueble.com\/index.php\/wp-json\/wp\/v2\/media?parent=15255"}],"wp:term":[{"taxonomy":"product_brand","embeddable":true,"href":"https:\/\/mundimueble.com\/index.php\/wp-json\/wp\/v2\/product_brand?post=15255"},{"taxonomy":"product_cat","embeddable":true,"href":"https:\/\/mundimueble.com\/index.php\/wp-json\/wp\/v2\/product_cat?post=15255"},{"taxonomy":"product_tag","embeddable":true,"href":"https:\/\/mundimueble.com\/index.php\/wp-json\/wp\/v2\/product_tag?post=15255"}],"curies":[{"name":"wp","href":"https:\/\/api.w.org\/{rel}","templated":true}]}}

Sofá Fijo Sophie

<div class="section"><b><i>Si estas buscando un sofá que eleve el estilo y la sofisticación de tu hogar, la línea Aurum es la elección perfecta. Estamos aquí para ayudarte a crear el hogar de tus sueños.</i></b></div>
<div class="section"></div>
<div class="section">
<div class="section"><b>SOPHIE, </b>se caracteriza por su diseño compacto y sus formas rectangulares. Esta pieza aporta una sensación de belleza, armonía y modernidad al espacio donde se ubica, otorgando al espacio un componente único, creando así el área de descanso ideal.</div>
<div class="section"></div>
<div class="section"></div>
<div class="section">Este sofá cuenta con suaves respaldos ergonómicos en MICROFIBER EKO. Sus asientos de espuma de poliuretano HR42 “HIPERFLEX” recubiertos en MICROFIBER EKO aportan un extraordinario confort, suavidad y capacidad térmica. La suma de sus componentes es la clave para conseguir una postura cómoda, saludable y un reparto de presiones equilibrado.</div>
</div>

<p>Si estas buscando un sofá que eleve el estilo y la sofisticación de tu hogar, la línea Aurum es la elección perfecta. Estamos aquí para ayudarte a crear el hogar de tus sueños. SOPHIE, se caracteriza por su diseño compacto y sus formas rectangulares. Esta pieza aporta una sensación de belleza, armonía y modernidad al espacio [&hellip;]</p>
