{"id":15111,"date":"2025-09-04T12:06:37","date_gmt":"2025-09-04T10:06:37","guid":{"rendered":"https:\/\/mundimueble.com\/?post_type=product&#038;p=15111"},"modified":"2025-10-29T21:05:36","modified_gmt":"2025-10-29T19:05:36","slug":"coleccion-de-salones-moon-evo","status":"publish","type":"product","link":"https:\/\/mundimueble.com\/index.php\/producto\/coleccion-de-salones-moon-evo\/","title":{"rendered":"Colecci\u00f3n de Salones Moon Evo"},"content":{"rendered":"<p>El cat\u00e1logo \u00abMoon Evo\u00bb de Muebles Azor se centra en muebles para salones, ofreciendo una colecci\u00f3n que combina elegancia y funcionalidad con piezas como sof\u00e1s y mesas de centro.\u00a0Est\u00e1 dise\u00f1ado para crear un espacio moderno y acogedor, utilizando alta c<span data-huuid=\"4305684709259967380\">alidad y atenci\u00f3n al detalle.<\/span><\/p>\n<p><a href=\"https:\/\/www.mueblesazor.com\/_www\/images\/catalogos\/_MOONevo_catalogo.pdf\">Cat\u00e1logo Digital<\/a><\/p>\n<p>&nbsp;<\/p>\n","protected":false},"excerpt":{"rendered":"<p>El cat\u00e1logo \u00abMoon Evo\u00bb de Muebles Azor se centra en muebles para salones, ofreciendo una colecci\u00f3n que combina elegancia y funcionalidad con piezas como sof\u00e1s y mesas de centro.\u00a0Est\u00e1 dise\u00f1ado para crear un espacio moderno y acogedor, utilizando alta calidad y atenci\u00f3n al detalle. Cat\u00e1logo Digital &nbsp;<\/p>\n","protected":false},"featured_media":15112,"template":"","meta":[],"product_brand":[302],"product_cat":[303],"product_tag":[304],"class_list":{"0":"post-15111","1":"product","2":"type-product","3":"status-publish","4":"has-post-thumbnail","6":"product_brand-muebles-azor","7":"product_cat-conjuntos-de-salon-comedor","8":"product_tag-salon","10":"entry","11":"has-media","13":"first","14":"instock","15":"taxable","16":"shipping-taxable","17":"product-type-simple","18":"has-product-nav","19":"col","20":"span_1_of_3","21":"owp-content-center","22":"owp-thumbs-layout-horizontal","23":"owp-btn-normal","24":"owp-tabs-layout-horizontal"},"_links":{"self":[{"href":"https:\/\/mundimueble.com\/index.php\/wp-json\/wp\/v2\/product\/15111","targetHints":{"allow":["GET"]}}],"collection":[{"href":"https:\/\/mundimueble.com\/index.php\/wp-json\/wp\/v2\/product"}],"about":[{"href":"https:\/\/mundimueble.com\/index.php\/wp-json\/wp\/v2\/types\/product"}],"version-history":[{"count":0,"href":"https:\/\/mundimueble.com\/index.php\/wp-json\/wp\/v2\/product\/15111\/revisions"}],"wp:featuredmedia":[{"embeddable":true,"href":"https:\/\/mundimueble.com\/index.php\/wp-json\/wp\/v2\/media\/15112"}],"wp:attachment":[{"href":"https:\/\/mundimueble.com\/index.php\/wp-json\/wp\/v2\/media?parent=15111"}],"wp:term":[{"taxonomy":"product_brand","embeddable":true,"href":"https:\/\/mundimueble.com\/index.php\/wp-json\/wp\/v2\/product_brand?post=15111"},{"taxonomy":"product_cat","embeddable":true,"href":"https:\/\/mundimueble.com\/index.php\/wp-json\/wp\/v2\/product_cat?post=15111"},{"taxonomy":"product_tag","embeddable":true,"href":"https:\/\/mundimueble.com\/index.php\/wp-json\/wp\/v2\/product_tag?post=15111"}],"curies":[{"name":"wp","href":"https:\/\/api.w.org\/{rel}","templated":true}]}}