{"id":15052,"date":"2025-08-22T13:33:07","date_gmt":"2025-08-22T11:33:07","guid":{"rendered":"https:\/\/mundimueble.com\/?post_type=product&#038;p=15052"},"modified":"2025-09-24T12:57:07","modified_gmt":"2025-09-24T10:57:07","slug":"sofa-relax-isabel","status":"publish","type":"product","link":"https:\/\/mundimueble.com\/index.php\/producto\/sofa-relax-isabel\/","title":{"rendered":"Sof\u00e1 Relax Isabel"},"content":{"rendered":"<p>El sof\u00e1 relax <strong data-start=\"343\" data-end=\"353\">Isabel<\/strong>, de la prestigiosa firma espa\u00f1ola Pedro Ortiz, destaca por su versatilidad, calidad de fabricaci\u00f3n y enfoque ecol\u00f3gico:<\/p>\n<p>\u2022 <strong>Estructura<\/strong>: Madera de pino con tablero de part\u00edculas<br \/>\n\u2022 <strong>Suspensi\u00f3n<\/strong> <strong>asiento<\/strong>: Bastidor met\u00e1lico muelles ZZ<br \/>\n\u2022 <strong>Mecanismo<\/strong>: Relax el\u00e9ctrico, fijo o deslizante (35 cm.), cabezal abatible (manual)<br \/>\n\u2022 <strong>Asientos<\/strong>: 5 cm. Visco 50 kg + espuma ecol\u00f3gica poliuretano 35 + 40 kg suave soja<br \/>\n\u2022 <strong>Cabezal<\/strong>: Espuma poliuretano super suave recubierto de fibra<br \/>\n\u2022 <strong>Ri\u00f1onera<\/strong>: Fibra hueca siliconada<br \/>\n\u2022 <strong>Desenfundable<\/strong>: Tela y Piel: Respaldo (+ asiento S\u00d3LO si es DESLIZANTE O F\u0132 O)<\/p>\n","protected":false},"excerpt":{"rendered":"<p>El sof\u00e1 relax Isabel, de la prestigiosa firma espa\u00f1ola Pedro Ortiz, destaca por su versatilidad, calidad de fabricaci\u00f3n y enfoque ecol\u00f3gico: \u2022 Estructura: Madera de pino con tablero de part\u00edculas \u2022 Suspensi\u00f3n asiento: Bastidor met\u00e1lico muelles ZZ \u2022 Mecanismo: Relax el\u00e9ctrico, fijo o deslizante (35 cm.), cabezal abatible (manual) \u2022 Asientos: 5 cm. Visco 50 [&hellip;]<\/p>\n","protected":false},"featured_media":15055,"template":"","meta":[],"product_brand":[296],"product_cat":[204,195],"product_tag":[297],"class_list":{"0":"post-15052","1":"product","2":"type-product","3":"status-publish","4":"has-post-thumbnail","6":"product_brand-pedro-ortiz","7":"product_cat-sofas-y-chaiselongues","8":"product_cat-sofas-y-sillones","9":"product_tag-sofa","11":"entry","12":"has-media","14":"first","15":"instock","16":"taxable","17":"shipping-taxable","18":"product-type-simple","19":"has-product-nav","20":"col","21":"span_1_of_3","22":"owp-content-center","23":"owp-thumbs-layout-horizontal","24":"owp-btn-normal","25":"owp-tabs-layout-horizontal"},"_links":{"self":[{"href":"https:\/\/mundimueble.com\/index.php\/wp-json\/wp\/v2\/product\/15052","targetHints":{"allow":["GET"]}}],"collection":[{"href":"https:\/\/mundimueble.com\/index.php\/wp-json\/wp\/v2\/product"}],"about":[{"href":"https:\/\/mundimueble.com\/index.php\/wp-json\/wp\/v2\/types\/product"}],"version-history":[{"count":0,"href":"https:\/\/mundimueble.com\/index.php\/wp-json\/wp\/v2\/product\/15052\/revisions"}],"wp:featuredmedia":[{"embeddable":true,"href":"https:\/\/mundimueble.com\/index.php\/wp-json\/wp\/v2\/media\/15055"}],"wp:attachment":[{"href":"https:\/\/mundimueble.com\/index.php\/wp-json\/wp\/v2\/media?parent=15052"}],"wp:term":[{"taxonomy":"product_brand","embeddable":true,"href":"https:\/\/mundimueble.com\/index.php\/wp-json\/wp\/v2\/product_brand?post=15052"},{"taxonomy":"product_cat","embeddable":true,"href":"https:\/\/mundimueble.com\/index.php\/wp-json\/wp\/v2\/product_cat?post=15052"},{"taxonomy":"product_tag","embeddable":true,"href":"https:\/\/mundimueble.com\/index.php\/wp-json\/wp\/v2\/product_tag?post=15052"}],"curies":[{"name":"wp","href":"https:\/\/api.w.org\/{rel}","templated":true}]}}