{"id":15039,"date":"2025-08-22T12:58:48","date_gmt":"2025-08-22T10:58:48","guid":{"rendered":"https:\/\/mundimueble.com\/?post_type=product&#038;p=15039"},"modified":"2025-09-24T12:57:09","modified_gmt":"2025-09-24T10:57:09","slug":"sofa-con-chaiselongue-dino","status":"publish","type":"product","link":"https:\/\/mundimueble.com\/index.php\/producto\/sofa-con-chaiselongue-dino\/","title":{"rendered":"Sof\u00e1 con Chaiselongue Dino"},"content":{"rendered":"<p>El modelo Dino de Pedro Ortiz esta disponible tanto en mecanismo deslizante manual, como relax el\u00e9ctrico y fijo. Cualquiera de estos sistemas siempre va acompa\u00f1ado de cabezal italiano reclinable, con opci\u00f3n de motorizado.<br \/>\nEl modelo Dino de Pedro Ortiz combina elegancia y comfort para dotar tu hogar de calidez en esas horas de descanso.<\/p>\n<p>\u2022 <strong>Estructura<\/strong>: Madera de pino con tablero de part\u00edculas<br \/>\n\u2022 <strong>Suspensi\u00f3n<\/strong> <strong>asiento<\/strong>: Bastidor met\u00e1lico muelles ZZ<br \/>\n\u2022 <strong>Mecanismo<\/strong>: Relax el\u00e9ctrico, fijo o deslizante (35 cm.), cabezal motorizado o manual<br \/>\n\u2022 <strong>Asientos<\/strong>: Espuma poliuretano 35 y 40 kg suave<br \/>\n\u2022 <strong>Cabezal<\/strong> <strong>y<\/strong> <strong>ri\u00f1onera<\/strong>: Espuma poliuretano super suave<br \/>\n\u2022 <strong>Desenfundable<\/strong>: Tela y Piel: Ri\u00f1onera (+ asiento SOLO si es DESLIZANTE o F\u0132O)<\/p>\n","protected":false},"excerpt":{"rendered":"<p>El modelo Dino de Pedro Ortiz esta disponible tanto en mecanismo deslizante manual, como relax el\u00e9ctrico y fijo. Cualquiera de estos sistemas siempre va acompa\u00f1ado de cabezal italiano reclinable, con opci\u00f3n de motorizado. El modelo Dino de Pedro Ortiz combina elegancia y comfort para dotar tu hogar de calidez en esas horas de descanso. \u2022 [&hellip;]<\/p>\n","protected":false},"featured_media":15042,"template":"","meta":[],"product_brand":[296],"product_cat":[204,195],"product_tag":[297],"class_list":{"0":"post-15039","1":"product","2":"type-product","3":"status-publish","4":"has-post-thumbnail","6":"product_brand-pedro-ortiz","7":"product_cat-sofas-y-chaiselongues","8":"product_cat-sofas-y-sillones","9":"product_tag-sofa","11":"entry","12":"has-media","14":"first","15":"instock","16":"taxable","17":"shipping-taxable","18":"product-type-simple","19":"has-product-nav","20":"col","21":"span_1_of_3","22":"owp-content-center","23":"owp-thumbs-layout-horizontal","24":"owp-btn-normal","25":"owp-tabs-layout-horizontal"},"_links":{"self":[{"href":"https:\/\/mundimueble.com\/index.php\/wp-json\/wp\/v2\/product\/15039","targetHints":{"allow":["GET"]}}],"collection":[{"href":"https:\/\/mundimueble.com\/index.php\/wp-json\/wp\/v2\/product"}],"about":[{"href":"https:\/\/mundimueble.com\/index.php\/wp-json\/wp\/v2\/types\/product"}],"version-history":[{"count":0,"href":"https:\/\/mundimueble.com\/index.php\/wp-json\/wp\/v2\/product\/15039\/revisions"}],"wp:featuredmedia":[{"embeddable":true,"href":"https:\/\/mundimueble.com\/index.php\/wp-json\/wp\/v2\/media\/15042"}],"wp:attachment":[{"href":"https:\/\/mundimueble.com\/index.php\/wp-json\/wp\/v2\/media?parent=15039"}],"wp:term":[{"taxonomy":"product_brand","embeddable":true,"href":"https:\/\/mundimueble.com\/index.php\/wp-json\/wp\/v2\/product_brand?post=15039"},{"taxonomy":"product_cat","embeddable":true,"href":"https:\/\/mundimueble.com\/index.php\/wp-json\/wp\/v2\/product_cat?post=15039"},{"taxonomy":"product_tag","embeddable":true,"href":"https:\/\/mundimueble.com\/index.php\/wp-json\/wp\/v2\/product_tag?post=15039"}],"curies":[{"name":"wp","href":"https:\/\/api.w.org\/{rel}","templated":true}]}}

Sofá con Chaiselongue Dino

<p>El modelo Dino de Pedro Ortiz esta disponible tanto en mecanismo deslizante manual, como relax eléctrico y fijo. Cualquiera de estos sistemas siempre va acompañado de cabezal italiano reclinable, con opción de motorizado.<br />
El modelo Dino de Pedro Ortiz combina elegancia y comfort para dotar tu hogar de calidez en esas horas de descanso.</p>
<p>• <strong>Estructura</strong>: Madera de pino con tablero de partículas<br />
• <strong>Suspensión</strong> <strong>asiento</strong>: Bastidor metálico muelles ZZ<br />
• <strong>Mecanismo</strong>: Relax eléctrico, fijo o deslizante (35 cm.), cabezal motorizado o manual<br />
• <strong>Asientos</strong>: Espuma poliuretano 35 y 40 kg suave<br />
• <strong>Cabezal</strong> <strong>y</strong> <strong>riñonera</strong>: Espuma poliuretano super suave<br />
• <strong>Desenfundable</strong>: Tela y Piel: Riñonera (+ asiento SOLO si es DESLIZANTE o FĲO)</p>

<p>El modelo Dino de Pedro Ortiz esta disponible tanto en mecanismo deslizante manual, como relax eléctrico y fijo. Cualquiera de estos sistemas siempre va acompañado de cabezal italiano reclinable, con opción de motorizado. El modelo Dino de Pedro Ortiz combina elegancia y comfort para dotar tu hogar de calidez en esas horas de descanso. • [&hellip;]</p>
