{"id":15023,"date":"2025-08-22T11:26:36","date_gmt":"2025-08-22T09:26:36","guid":{"rendered":"https:\/\/mundimueble.com\/?post_type=product&#038;p=15023"},"modified":"2025-09-24T12:57:10","modified_gmt":"2025-09-24T10:57:10","slug":"sofa-deslizante-ariel","status":"publish","type":"product","link":"https:\/\/mundimueble.com\/index.php\/producto\/sofa-deslizante-ariel\/","title":{"rendered":"Sof\u00e1 deslizante Ariel"},"content":{"rendered":"<p>Uno de los aspectos m\u00e1s llamativos del\u00a0<strong>sof\u00e1 deslizante<\/strong>\u00a0<strong>Ariel<\/strong>\u00a0es su comodidad. Los asientos cuentan con 10 cm de viscoel\u00e1stica y 30 kg de espuma poliuretano, lo que garantiza una sensaci\u00f3n de suavidad y apoyo para tu cuerpo. La chaiselongue tambi\u00e9n est\u00e1 equipada con viscoel\u00e1stica para un descanso \u00f3ptimo.<\/p>\n<p>\u2022 <strong>Estructura<\/strong>: Madera de pino con tablero de part\u00edculas<br \/>\n\u2022 <strong>Suspensi\u00f3n<\/strong> <strong>asiento<\/strong>: Bastidor met\u00e1lico muelles ZZ<br \/>\n\u2022 <strong>Mecanismo<\/strong>: Asiento deslizante (35 cm), arc\u00f3n en chaiselongue y brazo sofa<br \/>\n\u2022 <strong>Asientos<\/strong>: 10 cm. viscoel\u00e1stica 50 kg. +\u00a0 espuma poliuretano 30 HR<br \/>\n\u2022 <strong>Chaiselongue<\/strong>: 5 cm. visco<br \/>\n\u2022 <strong>Respaldo<\/strong>: Fibra hueca siliconada<br \/>\n\u2022 <strong>Brazo<\/strong>: Mezcla de fibra y componentes<br \/>\n\u2022 <strong>Desenfundable<\/strong>: Asiento, respaldo y brazo<\/p>\n","protected":false},"excerpt":{"rendered":"<p>Uno de los aspectos m\u00e1s llamativos del\u00a0sof\u00e1 deslizante\u00a0Ariel\u00a0es su comodidad. Los asientos cuentan con 10 cm de viscoel\u00e1stica y 30 kg de espuma poliuretano, lo que garantiza una sensaci\u00f3n de suavidad y apoyo para tu cuerpo. La chaiselongue tambi\u00e9n est\u00e1 equipada con viscoel\u00e1stica para un descanso \u00f3ptimo. \u2022 Estructura: Madera de pino con tablero de [&hellip;]<\/p>\n","protected":false},"featured_media":15026,"template":"","meta":[],"product_brand":[296],"product_cat":[204,195],"product_tag":[297],"class_list":{"0":"post-15023","1":"product","2":"type-product","3":"status-publish","4":"has-post-thumbnail","6":"product_brand-pedro-ortiz","7":"product_cat-sofas-y-chaiselongues","8":"product_cat-sofas-y-sillones","9":"product_tag-sofa","11":"entry","12":"has-media","14":"first","15":"instock","16":"taxable","17":"shipping-taxable","18":"product-type-simple","19":"has-product-nav","20":"col","21":"span_1_of_3","22":"owp-content-center","23":"owp-thumbs-layout-horizontal","24":"owp-btn-normal","25":"owp-tabs-layout-horizontal"},"_links":{"self":[{"href":"https:\/\/mundimueble.com\/index.php\/wp-json\/wp\/v2\/product\/15023","targetHints":{"allow":["GET"]}}],"collection":[{"href":"https:\/\/mundimueble.com\/index.php\/wp-json\/wp\/v2\/product"}],"about":[{"href":"https:\/\/mundimueble.com\/index.php\/wp-json\/wp\/v2\/types\/product"}],"version-history":[{"count":0,"href":"https:\/\/mundimueble.com\/index.php\/wp-json\/wp\/v2\/product\/15023\/revisions"}],"wp:featuredmedia":[{"embeddable":true,"href":"https:\/\/mundimueble.com\/index.php\/wp-json\/wp\/v2\/media\/15026"}],"wp:attachment":[{"href":"https:\/\/mundimueble.com\/index.php\/wp-json\/wp\/v2\/media?parent=15023"}],"wp:term":[{"taxonomy":"product_brand","embeddable":true,"href":"https:\/\/mundimueble.com\/index.php\/wp-json\/wp\/v2\/product_brand?post=15023"},{"taxonomy":"product_cat","embeddable":true,"href":"https:\/\/mundimueble.com\/index.php\/wp-json\/wp\/v2\/product_cat?post=15023"},{"taxonomy":"product_tag","embeddable":true,"href":"https:\/\/mundimueble.com\/index.php\/wp-json\/wp\/v2\/product_tag?post=15023"}],"curies":[{"name":"wp","href":"https:\/\/api.w.org\/{rel}","templated":true}]}}

Sofá deslizante Ariel

<p>Uno de los aspectos más llamativos del <strong>sofá deslizante</strong> <strong>Ariel</strong> es su comodidad. Los asientos cuentan con 10 cm de viscoelástica y 30 kg de espuma poliuretano, lo que garantiza una sensación de suavidad y apoyo para tu cuerpo. La chaiselongue también está equipada con viscoelástica para un descanso óptimo.</p>
<p>• <strong>Estructura</strong>: Madera de pino con tablero de partículas<br />
• <strong>Suspensión</strong> <strong>asiento</strong>: Bastidor metálico muelles ZZ<br />
• <strong>Mecanismo</strong>: Asiento deslizante (35 cm), arcón en chaiselongue y brazo sofa<br />
• <strong>Asientos</strong>: 10 cm. viscoelástica 50 kg. +  espuma poliuretano 30 HR<br />
• <strong>Chaiselongue</strong>: 5 cm. visco<br />
• <strong>Respaldo</strong>: Fibra hueca siliconada<br />
• <strong>Brazo</strong>: Mezcla de fibra y componentes<br />
• <strong>Desenfundable</strong>: Asiento, respaldo y brazo</p>

<p>Uno de los aspectos más llamativos del sofá deslizante Ariel es su comodidad. Los asientos cuentan con 10 cm de viscoelástica y 30 kg de espuma poliuretano, lo que garantiza una sensación de suavidad y apoyo para tu cuerpo. La chaiselongue también está equipada con viscoelástica para un descanso óptimo. • Estructura: Madera de pino con tablero de [&hellip;]</p>
