{"id":15015,"date":"2025-08-22T11:06:32","date_gmt":"2025-08-22T09:06:32","guid":{"rendered":"https:\/\/mundimueble.com\/?post_type=product&#038;p=15015"},"modified":"2025-09-24T12:57:11","modified_gmt":"2025-09-24T10:57:11","slug":"sofa-deslizante-con-arcon-angela","status":"publish","type":"product","link":"https:\/\/mundimueble.com\/index.php\/producto\/sofa-deslizante-con-arcon-angela\/","title":{"rendered":"Sof\u00e1 Deslizante con arc\u00f3n \u00c1ngela"},"content":{"rendered":"<p>El sof\u00e1 \u00c1ngela de Pedro Ortiz est\u00e1 fabricado con una estructura de madera de pino, y puede tapizarse en una gran variedad de tejidos. Los asientos de est\u00e9 sof\u00e1 son deslizantes a excepci\u00f3n del m\u00f3dulo chaiselongue, que es fijo y lleva un pr\u00e1ctico arc\u00f3n donde podr\u00e1s almacenar mantas o cojines. El brazo, de 32cm., tambi\u00e9n lleva un peque\u00f1o arc\u00f3n.<\/p>\n<p>\u2022 <strong>Estructura<\/strong>: Madera de pino con tablero de part\u00edculas<br \/>\n\u2022 <strong>Suspensi\u00f3n<\/strong> <strong>asiento<\/strong>: Bastidor met\u00e1lico muelles ZZ<br \/>\n\u2022 <strong>Mecanismo<\/strong>: Relax el\u00e9ctrico, deslizante (35 cm) o fijo y arc\u00f3n en chaiselongue y brazo sof\u00e1<br \/>\n\u2022 <strong>Suspensi\u00f3n<\/strong>: Estructura met\u00e1lica, muelles ZZ<br \/>\n\u2022 <strong>Asientos<\/strong>: F\u0133o y deslizante:10 cm Visco. 50 kg + espuma poliuretano 35 HR<br \/>\n\u2022 <strong>Relax<\/strong>: 5 cm viscoel\u00e1stica 50 kg + espuma poliuretano 30 HR<br \/>\n\u2022 <strong>Chaiselongue<\/strong>: 5 cm viscoel\u00e1stica<br \/>\n\u2022 <strong>Cabezal<\/strong>: Espuma s\u00faper suave recubierto de fibra<br \/>\n\u2022 <strong>Ri\u00f1onera<\/strong>: Fibra hueca siliconada<br \/>\n\u2022 <strong>Brazo<\/strong>: Mezcla de fibra y componentes<\/p>\n","protected":false},"excerpt":{"rendered":"<p>El sof\u00e1 \u00c1ngela de Pedro Ortiz est\u00e1 fabricado con una estructura de madera de pino, y puede tapizarse en una gran variedad de tejidos. Los asientos de est\u00e9 sof\u00e1 son deslizantes a excepci\u00f3n del m\u00f3dulo chaiselongue, que es fijo y lleva un pr\u00e1ctico arc\u00f3n donde podr\u00e1s almacenar mantas o cojines. El brazo, de 32cm., tambi\u00e9n [&hellip;]<\/p>\n","protected":false},"featured_media":15017,"template":"","meta":[],"product_brand":[296],"product_cat":[204,195],"product_tag":[297],"class_list":{"0":"post-15015","1":"product","2":"type-product","3":"status-publish","4":"has-post-thumbnail","6":"product_brand-pedro-ortiz","7":"product_cat-sofas-y-chaiselongues","8":"product_cat-sofas-y-sillones","9":"product_tag-sofa","11":"entry","12":"has-media","14":"first","15":"instock","16":"taxable","17":"shipping-taxable","18":"product-type-simple","19":"has-product-nav","20":"col","21":"span_1_of_3","22":"owp-content-center","23":"owp-thumbs-layout-horizontal","24":"owp-btn-normal","25":"owp-tabs-layout-horizontal"},"_links":{"self":[{"href":"https:\/\/mundimueble.com\/index.php\/wp-json\/wp\/v2\/product\/15015","targetHints":{"allow":["GET"]}}],"collection":[{"href":"https:\/\/mundimueble.com\/index.php\/wp-json\/wp\/v2\/product"}],"about":[{"href":"https:\/\/mundimueble.com\/index.php\/wp-json\/wp\/v2\/types\/product"}],"version-history":[{"count":0,"href":"https:\/\/mundimueble.com\/index.php\/wp-json\/wp\/v2\/product\/15015\/revisions"}],"wp:featuredmedia":[{"embeddable":true,"href":"https:\/\/mundimueble.com\/index.php\/wp-json\/wp\/v2\/media\/15017"}],"wp:attachment":[{"href":"https:\/\/mundimueble.com\/index.php\/wp-json\/wp\/v2\/media?parent=15015"}],"wp:term":[{"taxonomy":"product_brand","embeddable":true,"href":"https:\/\/mundimueble.com\/index.php\/wp-json\/wp\/v2\/product_brand?post=15015"},{"taxonomy":"product_cat","embeddable":true,"href":"https:\/\/mundimueble.com\/index.php\/wp-json\/wp\/v2\/product_cat?post=15015"},{"taxonomy":"product_tag","embeddable":true,"href":"https:\/\/mundimueble.com\/index.php\/wp-json\/wp\/v2\/product_tag?post=15015"}],"curies":[{"name":"wp","href":"https:\/\/api.w.org\/{rel}","templated":true}]}}

Sofá Deslizante con arcón Ángela

<p>El sofá Ángela de Pedro Ortiz está fabricado con una estructura de madera de pino, y puede tapizarse en una gran variedad de tejidos. Los asientos de esté sofá son deslizantes a excepción del módulo chaiselongue, que es fijo y lleva un práctico arcón donde podrás almacenar mantas o cojines. El brazo, de 32cm., también lleva un pequeño arcón.</p>
<p>• <strong>Estructura</strong>: Madera de pino con tablero de partículas<br />
• <strong>Suspensión</strong> <strong>asiento</strong>: Bastidor metálico muelles ZZ<br />
• <strong>Mecanismo</strong>: Relax eléctrico, deslizante (35 cm) o fijo y arcón en chaiselongue y brazo sofá<br />
• <strong>Suspensión</strong>: Estructura metálica, muelles ZZ<br />
• <strong>Asientos</strong>: Fĳo y deslizante:10 cm Visco. 50 kg + espuma poliuretano 35 HR<br />
• <strong>Relax</strong>: 5 cm viscoelástica 50 kg + espuma poliuretano 30 HR<br />
• <strong>Chaiselongue</strong>: 5 cm viscoelástica<br />
• <strong>Cabezal</strong>: Espuma súper suave recubierto de fibra<br />
• <strong>Riñonera</strong>: Fibra hueca siliconada<br />
• <strong>Brazo</strong>: Mezcla de fibra y componentes</p>

<p>El sofá Ángela de Pedro Ortiz está fabricado con una estructura de madera de pino, y puede tapizarse en una gran variedad de tejidos. Los asientos de esté sofá son deslizantes a excepción del módulo chaiselongue, que es fijo y lleva un práctico arcón donde podrás almacenar mantas o cojines. El brazo, de 32cm., también [&hellip;]</p>
