{"id":14985,"date":"2025-08-21T12:59:21","date_gmt":"2025-08-21T10:59:21","guid":{"rendered":"https:\/\/mundimueble.com\/?post_type=product&#038;p=14985"},"modified":"2025-09-24T12:58:11","modified_gmt":"2025-09-24T10:58:11","slug":"sofa-deslizante-dalmata","status":"publish","type":"product","link":"https:\/\/mundimueble.com\/index.php\/producto\/sofa-deslizante-dalmata\/","title":{"rendered":"Sof\u00e1 deslizante D\u00e1lmata"},"content":{"rendered":"<p>La est\u00e9tica del\u00a0<strong>sof\u00e1<\/strong>\u00a0<strong>Dalmata<\/strong>\u00a0se caracteriza por l\u00edneas limpias y un dise\u00f1o atemporal. Su versatilidad permite integrarse en una amplia gama de estilos decorativos, desde los m\u00e1s cl\u00e1sicos hasta los m\u00e1s modernos. M\u00e1s all\u00e1 de su belleza, destaca por su comodidad. Su\u00a0<strong>asiento<\/strong>\u00a0<strong>deslizante<\/strong>\u00a0y su\u00a0<strong>cabezal<\/strong>\u00a0<strong>reclinable<\/strong>\u00a0ofrecen una experiencia de relajaci\u00f3n incomparable.<\/p>\n<p>\u2022 <strong>Estructura<\/strong>: Madera de pino con tablero de part\u00edculas<br \/>\n\u2022 <strong>Suspensi\u00f3n asiento<\/strong>: Bastidor met\u00e1lico muelles ZZ<br \/>\n\u2022 <strong>Mecanismo<\/strong>: Asiento deslizante (35 cm.), cabezal abatible y arc\u00f3n en rinc\u00f3n terminal<br \/>\n\u2022 <strong>Asientos<\/strong>: Espuma poliuretano 35 KG suave<br \/>\n\u2022 <strong>Cabezal<\/strong>: Espuma super suave recubierto de fibra<br \/>\n\u2022 <strong>Ri\u00f1onera<\/strong>: Espuma suave<br \/>\n\u2022 <strong>Brazo<\/strong>: Espuma poliuretano<br \/>\n\u2022 <strong>Desenfundable<\/strong>: Tela: Respaldo, asientos y brazo<\/p>\n","protected":false},"excerpt":{"rendered":"<p>La est\u00e9tica del\u00a0sof\u00e1\u00a0Dalmata\u00a0se caracteriza por l\u00edneas limpias y un dise\u00f1o atemporal. Su versatilidad permite integrarse en una amplia gama de estilos decorativos, desde los m\u00e1s cl\u00e1sicos hasta los m\u00e1s modernos. M\u00e1s all\u00e1 de su belleza, destaca por su comodidad. Su\u00a0asiento\u00a0deslizante\u00a0y su\u00a0cabezal\u00a0reclinable\u00a0ofrecen una experiencia de relajaci\u00f3n incomparable. \u2022 Estructura: Madera de pino con tablero de part\u00edculas [&hellip;]<\/p>\n","protected":false},"featured_media":14987,"template":"","meta":[],"product_brand":[296],"product_cat":[204,195],"product_tag":[297],"class_list":{"0":"post-14985","1":"product","2":"type-product","3":"status-publish","4":"has-post-thumbnail","6":"product_brand-pedro-ortiz","7":"product_cat-sofas-y-chaiselongues","8":"product_cat-sofas-y-sillones","9":"product_tag-sofa","11":"entry","12":"has-media","14":"first","15":"instock","16":"taxable","17":"shipping-taxable","18":"product-type-simple","19":"has-product-nav","20":"col","21":"span_1_of_3","22":"owp-content-center","23":"owp-thumbs-layout-horizontal","24":"owp-btn-normal","25":"owp-tabs-layout-horizontal"},"_links":{"self":[{"href":"https:\/\/mundimueble.com\/index.php\/wp-json\/wp\/v2\/product\/14985","targetHints":{"allow":["GET"]}}],"collection":[{"href":"https:\/\/mundimueble.com\/index.php\/wp-json\/wp\/v2\/product"}],"about":[{"href":"https:\/\/mundimueble.com\/index.php\/wp-json\/wp\/v2\/types\/product"}],"version-history":[{"count":0,"href":"https:\/\/mundimueble.com\/index.php\/wp-json\/wp\/v2\/product\/14985\/revisions"}],"wp:featuredmedia":[{"embeddable":true,"href":"https:\/\/mundimueble.com\/index.php\/wp-json\/wp\/v2\/media\/14987"}],"wp:attachment":[{"href":"https:\/\/mundimueble.com\/index.php\/wp-json\/wp\/v2\/media?parent=14985"}],"wp:term":[{"taxonomy":"product_brand","embeddable":true,"href":"https:\/\/mundimueble.com\/index.php\/wp-json\/wp\/v2\/product_brand?post=14985"},{"taxonomy":"product_cat","embeddable":true,"href":"https:\/\/mundimueble.com\/index.php\/wp-json\/wp\/v2\/product_cat?post=14985"},{"taxonomy":"product_tag","embeddable":true,"href":"https:\/\/mundimueble.com\/index.php\/wp-json\/wp\/v2\/product_tag?post=14985"}],"curies":[{"name":"wp","href":"https:\/\/api.w.org\/{rel}","templated":true}]}}