{"id":14629,"date":"2023-05-20T13:22:56","date_gmt":"2023-05-20T11:22:56","guid":{"rendered":"https:\/\/mundimueble.com\/?post_type=product&#038;p=14629"},"modified":"2025-10-28T13:08:00","modified_gmt":"2025-10-28T11:08:00","slug":"silla-flexa-diles","status":"publish","type":"product","link":"https:\/\/mundimueble.com\/index.php\/producto\/silla-flexa-diles\/","title":{"rendered":"Silla Flexa"},"content":{"rendered":"<p>Flexa proporciona la sensaci\u00f3n m\u00e1s envolvente y el confort m\u00e1s absoluto. Una silla operativa tapizada como pocas en el mercado gracias a su soporte lumbar regulable y a su respaldo regulable en altura.<\/p>\n","protected":false},"excerpt":{"rendered":"<p>Flexa proporciona la sensaci\u00f3n m\u00e1s envolvente y el confort m\u00e1s absoluto. Una silla operativa tapizada como pocas en el mercado gracias a su soporte lumbar regulable y a su respaldo regulable en altura.<\/p>\n","protected":false},"featured_media":14632,"template":"","meta":[],"product_brand":[339],"product_cat":[261],"product_tag":[319],"class_list":{"0":"post-14629","1":"product","2":"type-product","3":"status-publish","4":"has-post-thumbnail","6":"product_brand-dileoffice","7":"product_cat-sillas-de-estudio","8":"product_tag-sillas","10":"entry","11":"has-media","13":"first","14":"instock","15":"taxable","16":"shipping-taxable","17":"product-type-simple","18":"has-product-nav","19":"col","20":"span_1_of_3","21":"owp-content-center","22":"owp-thumbs-layout-horizontal","23":"owp-btn-normal","24":"owp-tabs-layout-horizontal"},"_links":{"self":[{"href":"https:\/\/mundimueble.com\/index.php\/wp-json\/wp\/v2\/product\/14629","targetHints":{"allow":["GET"]}}],"collection":[{"href":"https:\/\/mundimueble.com\/index.php\/wp-json\/wp\/v2\/product"}],"about":[{"href":"https:\/\/mundimueble.com\/index.php\/wp-json\/wp\/v2\/types\/product"}],"version-history":[{"count":0,"href":"https:\/\/mundimueble.com\/index.php\/wp-json\/wp\/v2\/product\/14629\/revisions"}],"wp:featuredmedia":[{"embeddable":true,"href":"https:\/\/mundimueble.com\/index.php\/wp-json\/wp\/v2\/media\/14632"}],"wp:attachment":[{"href":"https:\/\/mundimueble.com\/index.php\/wp-json\/wp\/v2\/media?parent=14629"}],"wp:term":[{"taxonomy":"product_brand","embeddable":true,"href":"https:\/\/mundimueble.com\/index.php\/wp-json\/wp\/v2\/product_brand?post=14629"},{"taxonomy":"product_cat","embeddable":true,"href":"https:\/\/mundimueble.com\/index.php\/wp-json\/wp\/v2\/product_cat?post=14629"},{"taxonomy":"product_tag","embeddable":true,"href":"https:\/\/mundimueble.com\/index.php\/wp-json\/wp\/v2\/product_tag?post=14629"}],"curies":[{"name":"wp","href":"https:\/\/api.w.org\/{rel}","templated":true}]}}