{"id":14299,"date":"2023-04-24T12:18:24","date_gmt":"2023-04-24T10:18:24","guid":{"rendered":"https:\/\/mundimueble.com\/?post_type=product&#038;p=14299"},"modified":"2025-09-24T12:58:14","modified_gmt":"2025-09-24T10:58:14","slug":"sofa-brisa-top-tapizados","status":"publish","type":"product","link":"https:\/\/mundimueble.com\/index.php\/producto\/sofa-brisa-top-tapizados\/","title":{"rendered":"Sof\u00e1 Modular Brisa"},"content":{"rendered":"<p>Sof\u00e1 Modular Modelo Brisa, fabricado por Top Tapizados. Este sof\u00e1 se vende por m\u00f3dulos, lo cual permite personalizar el tama\u00f1o y m\u00f3dulos a tu gusto. Esto significa que tambi\u00e9n es posible comprarlo como chaise longue o rinconera si as\u00ed lo prefieres.<\/p>\n<ul>\n<li>Armaz\u00f3n: Madera de pino y aglomerado de 1\u00aa.<\/li>\n<li>Asiento: Muelles zig-zag.<\/li>\n<li>Coj\u00edn asiento: Goma de 32 kg con muelle ensacado.<\/li>\n<li>Respaldos: Fibra hueca garantizada.<\/li>\n<li>Brazos:Fibra hueca garantizada.<\/li>\n<li>Almohadas de respaldo, brazos y asiento: Desenfundables.<\/li>\n<li>Patas cromadas cromada de 3 cm.<\/li>\n<\/ul>\n","protected":false},"excerpt":{"rendered":"<p>Sof\u00e1 Modular Modelo Brisa, fabricado por Top Tapizados. Este sof\u00e1 se vende por m\u00f3dulos, lo cual permite personalizar el tama\u00f1o y m\u00f3dulos a tu gusto. Esto significa que tambi\u00e9n es posible comprarlo como chaise longue o rinconera si as\u00ed lo prefieres. Armaz\u00f3n: Madera de pino y aglomerado de 1\u00aa. Asiento: Muelles zig-zag. Coj\u00edn asiento: Goma [&hellip;]<\/p>\n","protected":false},"featured_media":14300,"template":"","meta":[],"product_brand":[298],"product_cat":[204,195],"product_tag":[322,297,323],"class_list":{"0":"post-14299","1":"product","2":"type-product","3":"status-publish","4":"has-post-thumbnail","6":"product_brand-top-tapizados","7":"product_cat-sofas-y-chaiselongues","8":"product_cat-sofas-y-sillones","9":"product_tag-chaise-longue","10":"product_tag-sofa","11":"product_tag-sofa-rinconera","13":"entry","14":"has-media","16":"first","17":"instock","18":"taxable","19":"shipping-taxable","20":"product-type-simple","21":"has-product-nav","22":"col","23":"span_1_of_3","24":"owp-content-center","25":"owp-thumbs-layout-horizontal","26":"owp-btn-normal","27":"owp-tabs-layout-horizontal"},"_links":{"self":[{"href":"https:\/\/mundimueble.com\/index.php\/wp-json\/wp\/v2\/product\/14299","targetHints":{"allow":["GET"]}}],"collection":[{"href":"https:\/\/mundimueble.com\/index.php\/wp-json\/wp\/v2\/product"}],"about":[{"href":"https:\/\/mundimueble.com\/index.php\/wp-json\/wp\/v2\/types\/product"}],"version-history":[{"count":1,"href":"https:\/\/mundimueble.com\/index.php\/wp-json\/wp\/v2\/product\/14299\/revisions"}],"predecessor-version":[{"id":15275,"href":"https:\/\/mundimueble.com\/index.php\/wp-json\/wp\/v2\/product\/14299\/revisions\/15275"}],"wp:featuredmedia":[{"embeddable":true,"href":"https:\/\/mundimueble.com\/index.php\/wp-json\/wp\/v2\/media\/14300"}],"wp:attachment":[{"href":"https:\/\/mundimueble.com\/index.php\/wp-json\/wp\/v2\/media?parent=14299"}],"wp:term":[{"taxonomy":"product_brand","embeddable":true,"href":"https:\/\/mundimueble.com\/index.php\/wp-json\/wp\/v2\/product_brand?post=14299"},{"taxonomy":"product_cat","embeddable":true,"href":"https:\/\/mundimueble.com\/index.php\/wp-json\/wp\/v2\/product_cat?post=14299"},{"taxonomy":"product_tag","embeddable":true,"href":"https:\/\/mundimueble.com\/index.php\/wp-json\/wp\/v2\/product_tag?post=14299"}],"curies":[{"name":"wp","href":"https:\/\/api.w.org\/{rel}","templated":true}]}}

Sofá Modular Brisa

<p>Sofá Modular Modelo Brisa, fabricado por Top Tapizados. Este sofá se vende por módulos, lo cual permite personalizar el tamaño y módulos a tu gusto. Esto significa que también es posible comprarlo como chaise longue o rinconera si así lo prefieres.</p>
<ul>
<li>Armazón: Madera de pino y aglomerado de 1ª.</li>
<li>Asiento: Muelles zig-zag.</li>
<li>Cojín asiento: Goma de 32 kg con muelle ensacado.</li>
<li>Respaldos: Fibra hueca garantizada.</li>
<li>Brazos:Fibra hueca garantizada.</li>
<li>Almohadas de respaldo, brazos y asiento: Desenfundables.</li>
<li>Patas cromadas cromada de 3 cm.</li>
</ul>

<p>Sofá Modular Modelo Brisa, fabricado por Top Tapizados. Este sofá se vende por módulos, lo cual permite personalizar el tamaño y módulos a tu gusto. Esto significa que también es posible comprarlo como chaise longue o rinconera si así lo prefieres. Armazón: Madera de pino y aglomerado de 1ª. Asiento: Muelles zig-zag. Cojín asiento: Goma [&hellip;]</p>
