{"id":14283,"date":"2023-04-24T11:52:00","date_gmt":"2023-04-24T09:52:00","guid":{"rendered":"https:\/\/mundimueble.com\/?post_type=product&#038;p=14283"},"modified":"2025-09-24T12:58:15","modified_gmt":"2025-09-24T10:58:15","slug":"sofa-velero-top-tapizados","status":"publish","type":"product","link":"https:\/\/mundimueble.com\/index.php\/producto\/sofa-velero-top-tapizados\/","title":{"rendered":"Sof\u00e1 Modular Velero"},"content":{"rendered":"<p>Sof\u00e1 Modular Modelo Velero, fabricado por Top Tapizados. Este sof\u00e1 se vende por m\u00f3dulos, lo cual permite personalizar el tama\u00f1o y m\u00f3dulos a tu gusto. Esto significa que tambi\u00e9n es posible comprarlo como chaise longue o rinconera si as\u00ed lo prefieres.<\/p>\n<p>Armaz\u00f3n: Madera de pino y aglomerado de 1\u00aa.<\/p>\n<p>Asiento: Muelles zig-zag.<\/p>\n<p>Coj\u00edn asiento: Goma-espuma de 32 kg. con muelle ensacado.<\/p>\n<p>Respaldo: ri\u00f1onera goma de 25kg. S.S..<\/p>\n<p>Brazos: Goma-espuma de 25kg..<\/p>\n<p>Almohadas de respaldo, asiento, brazos: Desenfundables.<\/p>\n<p>Patas cromadas de 3 cm..<\/p>\n","protected":false},"excerpt":{"rendered":"<p>Sof\u00e1 Modular Modelo Velero, fabricado por Top Tapizados. Este sof\u00e1 se vende por m\u00f3dulos, lo cual permite personalizar el tama\u00f1o y m\u00f3dulos a tu gusto. Esto significa que tambi\u00e9n es posible comprarlo como chaise longue o rinconera si as\u00ed lo prefieres. Armaz\u00f3n: Madera de pino y aglomerado de 1\u00aa. Asiento: Muelles zig-zag. Coj\u00edn asiento: Goma-espuma [&hellip;]<\/p>\n","protected":false},"featured_media":14284,"template":"","meta":[],"product_brand":[298],"product_cat":[204,195],"product_tag":[322,297,323],"class_list":{"0":"post-14283","1":"product","2":"type-product","3":"status-publish","4":"has-post-thumbnail","6":"product_brand-top-tapizados","7":"product_cat-sofas-y-chaiselongues","8":"product_cat-sofas-y-sillones","9":"product_tag-chaise-longue","10":"product_tag-sofa","11":"product_tag-sofa-rinconera","13":"entry","14":"has-media","16":"first","17":"instock","18":"taxable","19":"shipping-taxable","20":"product-type-simple","21":"has-product-nav","22":"col","23":"span_1_of_3","24":"owp-content-center","25":"owp-thumbs-layout-horizontal","26":"owp-btn-normal","27":"owp-tabs-layout-horizontal"},"_links":{"self":[{"href":"https:\/\/mundimueble.com\/index.php\/wp-json\/wp\/v2\/product\/14283","targetHints":{"allow":["GET"]}}],"collection":[{"href":"https:\/\/mundimueble.com\/index.php\/wp-json\/wp\/v2\/product"}],"about":[{"href":"https:\/\/mundimueble.com\/index.php\/wp-json\/wp\/v2\/types\/product"}],"version-history":[{"count":1,"href":"https:\/\/mundimueble.com\/index.php\/wp-json\/wp\/v2\/product\/14283\/revisions"}],"predecessor-version":[{"id":15276,"href":"https:\/\/mundimueble.com\/index.php\/wp-json\/wp\/v2\/product\/14283\/revisions\/15276"}],"wp:featuredmedia":[{"embeddable":true,"href":"https:\/\/mundimueble.com\/index.php\/wp-json\/wp\/v2\/media\/14284"}],"wp:attachment":[{"href":"https:\/\/mundimueble.com\/index.php\/wp-json\/wp\/v2\/media?parent=14283"}],"wp:term":[{"taxonomy":"product_brand","embeddable":true,"href":"https:\/\/mundimueble.com\/index.php\/wp-json\/wp\/v2\/product_brand?post=14283"},{"taxonomy":"product_cat","embeddable":true,"href":"https:\/\/mundimueble.com\/index.php\/wp-json\/wp\/v2\/product_cat?post=14283"},{"taxonomy":"product_tag","embeddable":true,"href":"https:\/\/mundimueble.com\/index.php\/wp-json\/wp\/v2\/product_tag?post=14283"}],"curies":[{"name":"wp","href":"https:\/\/api.w.org\/{rel}","templated":true}]}}

Sofá Modular Velero

<p>Sofá Modular Modelo Velero, fabricado por Top Tapizados. Este sofá se vende por módulos, lo cual permite personalizar el tamaño y módulos a tu gusto. Esto significa que también es posible comprarlo como chaise longue o rinconera si así lo prefieres.</p>
<p>Armazón: Madera de pino y aglomerado de 1ª.</p>
<p>Asiento: Muelles zig-zag.</p>
<p>Cojín asiento: Goma-espuma de 32 kg. con muelle ensacado.</p>
<p>Respaldo: riñonera goma de 25kg. S.S..</p>
<p>Brazos: Goma-espuma de 25kg..</p>
<p>Almohadas de respaldo, asiento, brazos: Desenfundables.</p>
<p>Patas cromadas de 3 cm..</p>

<p>Sofá Modular Modelo Velero, fabricado por Top Tapizados. Este sofá se vende por módulos, lo cual permite personalizar el tamaño y módulos a tu gusto. Esto significa que también es posible comprarlo como chaise longue o rinconera si así lo prefieres. Armazón: Madera de pino y aglomerado de 1ª. Asiento: Muelles zig-zag. Cojín asiento: Goma-espuma [&hellip;]</p>
