{"id":14276,"date":"2023-04-24T11:40:34","date_gmt":"2023-04-24T09:40:34","guid":{"rendered":"https:\/\/mundimueble.com\/?post_type=product&#038;p=14276"},"modified":"2025-09-24T12:58:15","modified_gmt":"2025-09-24T10:58:15","slug":"sofa-descansa-top-tapizados-2","status":"publish","type":"product","link":"https:\/\/mundimueble.com\/index.php\/producto\/sofa-descansa-top-tapizados-2\/","title":{"rendered":"Sof\u00e1 Modular Descansa"},"content":{"rendered":"<p>Sof\u00e1 Modular Modelo Descansa, fabricado por Top Tapizados. Este sof\u00e1 se vende por m\u00f3dulos, lo cual permite personalizar el tama\u00f1o y m\u00f3dulos a tu gusto. Esto significa que tambi\u00e9n es posible comprarlo como chaise longue si as\u00ed lo prefieres.<\/p>\n<ul>\n<li>ARMAZ\u00d3N: Madera de pino y aglomerado de 1\u00aa calidad.<\/li>\n<li>ASIENTO: Muelle zig-zag.<\/li>\n<li>CABEZAL Y RI\u00d1ONERA: Goma 25 kg SS.<\/li>\n<li>BRAZOS: Goma 25 kg.<\/li>\n<li>COJ\u00cdN ASIENTO: Goma 32 kg. con muelle ensacado.<\/li>\n<li>CABEZAL RECLINABLE.<\/li>\n<li>ALMOHADA DE RESPALDO, BRAZOS Y ASIENTO: Desenfundables.<\/li>\n<li>PATA DE SERIE: En cromo negro de 13 cms.<\/li>\n<li>OTRAS OPCIONES DE PATAS<\/li>\n<\/ul>\n","protected":false},"excerpt":{"rendered":"<p>Sof\u00e1 Modular Modelo Descansa, fabricado por Top Tapizados. Este sof\u00e1 se vende por m\u00f3dulos, lo cual permite personalizar el tama\u00f1o y m\u00f3dulos a tu gusto. Esto significa que tambi\u00e9n es posible comprarlo como chaise longue si as\u00ed lo prefieres. ARMAZ\u00d3N: Madera de pino y aglomerado de 1\u00aa calidad. ASIENTO: Muelle zig-zag. CABEZAL Y RI\u00d1ONERA: Goma [&hellip;]<\/p>\n","protected":false},"featured_media":14277,"template":"","meta":[],"product_brand":[298],"product_cat":[204,195],"product_tag":[322,297],"class_list":{"0":"post-14276","1":"product","2":"type-product","3":"status-publish","4":"has-post-thumbnail","6":"product_brand-top-tapizados","7":"product_cat-sofas-y-chaiselongues","8":"product_cat-sofas-y-sillones","9":"product_tag-chaise-longue","10":"product_tag-sofa","12":"entry","13":"has-media","15":"first","16":"instock","17":"taxable","18":"shipping-taxable","19":"product-type-simple","20":"has-product-nav","21":"col","22":"span_1_of_3","23":"owp-content-center","24":"owp-thumbs-layout-horizontal","25":"owp-btn-normal","26":"owp-tabs-layout-horizontal"},"_links":{"self":[{"href":"https:\/\/mundimueble.com\/index.php\/wp-json\/wp\/v2\/product\/14276","targetHints":{"allow":["GET"]}}],"collection":[{"href":"https:\/\/mundimueble.com\/index.php\/wp-json\/wp\/v2\/product"}],"about":[{"href":"https:\/\/mundimueble.com\/index.php\/wp-json\/wp\/v2\/types\/product"}],"version-history":[{"count":1,"href":"https:\/\/mundimueble.com\/index.php\/wp-json\/wp\/v2\/product\/14276\/revisions"}],"predecessor-version":[{"id":15278,"href":"https:\/\/mundimueble.com\/index.php\/wp-json\/wp\/v2\/product\/14276\/revisions\/15278"}],"wp:featuredmedia":[{"embeddable":true,"href":"https:\/\/mundimueble.com\/index.php\/wp-json\/wp\/v2\/media\/14277"}],"wp:attachment":[{"href":"https:\/\/mundimueble.com\/index.php\/wp-json\/wp\/v2\/media?parent=14276"}],"wp:term":[{"taxonomy":"product_brand","embeddable":true,"href":"https:\/\/mundimueble.com\/index.php\/wp-json\/wp\/v2\/product_brand?post=14276"},{"taxonomy":"product_cat","embeddable":true,"href":"https:\/\/mundimueble.com\/index.php\/wp-json\/wp\/v2\/product_cat?post=14276"},{"taxonomy":"product_tag","embeddable":true,"href":"https:\/\/mundimueble.com\/index.php\/wp-json\/wp\/v2\/product_tag?post=14276"}],"curies":[{"name":"wp","href":"https:\/\/api.w.org\/{rel}","templated":true}]}}

Sofá Modular Descansa

<p>Sofá Modular Modelo Descansa, fabricado por Top Tapizados. Este sofá se vende por módulos, lo cual permite personalizar el tamaño y módulos a tu gusto. Esto significa que también es posible comprarlo como chaise longue si así lo prefieres.</p>
<ul>
<li>ARMAZÓN: Madera de pino y aglomerado de 1ª calidad.</li>
<li>ASIENTO: Muelle zig-zag.</li>
<li>CABEZAL Y RIÑONERA: Goma 25 kg SS.</li>
<li>BRAZOS: Goma 25 kg.</li>
<li>COJÍN ASIENTO: Goma 32 kg. con muelle ensacado.</li>
<li>CABEZAL RECLINABLE.</li>
<li>ALMOHADA DE RESPALDO, BRAZOS Y ASIENTO: Desenfundables.</li>
<li>PATA DE SERIE: En cromo negro de 13 cms.</li>
<li>OTRAS OPCIONES DE PATAS</li>
</ul>

<p>Sofá Modular Modelo Descansa, fabricado por Top Tapizados. Este sofá se vende por módulos, lo cual permite personalizar el tamaño y módulos a tu gusto. Esto significa que también es posible comprarlo como chaise longue si así lo prefieres. ARMAZÓN: Madera de pino y aglomerado de 1ª calidad. ASIENTO: Muelle zig-zag. CABEZAL Y RIÑONERA: Goma [&hellip;]</p>
