{"id":14264,"date":"2023-04-24T11:08:36","date_gmt":"2023-04-24T09:08:36","guid":{"rendered":"https:\/\/mundimueble.com\/?post_type=product&#038;p=14264"},"modified":"2025-09-24T12:58:16","modified_gmt":"2025-09-24T10:58:16","slug":"sofa-plus-top-tapizados-2","status":"publish","type":"product","link":"https:\/\/mundimueble.com\/index.php\/producto\/sofa-plus-top-tapizados-2\/","title":{"rendered":"Sof\u00e1 Modular Plus"},"content":{"rendered":"<p>Sof\u00e1 Modular Modelo Plus, fabricado por Top Tapizados. Este sof\u00e1 se vende por m\u00f3dulos, lo cual permite personalizar el tama\u00f1o y m\u00f3dulos a tu gusto. Esto significa que tambi\u00e9n es posible comprarlo como chaise longue o rinconera si as\u00ed lo prefieres.<\/p>\n<ul>\n<li>Armaz\u00f3n: Madera de pino y aglomerado de 1\u00aa.<\/li>\n<li>Asiento: Muelles zig-zag.<\/li>\n<li>Coj\u00edn asiento: Goma de 32 kg. y bloque de muelles ensacados.<\/li>\n<li>Cabezal y ri\u00f1onera: Goma 25kg.SS.<\/li>\n<li>Brazo: Goma de 25 kg.<\/li>\n<li>Almohadas de respaldo y asiento: Desenfundables.<\/li>\n<li>&gt;Cabezal reclinable.<\/li>\n<li>Patas de serie: Met\u00e1licas de 12.5cm. color BROWN.<\/li>\n<\/ul>\n","protected":false},"excerpt":{"rendered":"<p>Sof\u00e1 Modular Modelo Plus, fabricado por Top Tapizados. Este sof\u00e1 se vende por m\u00f3dulos, lo cual permite personalizar el tama\u00f1o y m\u00f3dulos a tu gusto. Esto significa que tambi\u00e9n es posible comprarlo como chaise longue o rinconera si as\u00ed lo prefieres. Armaz\u00f3n: Madera de pino y aglomerado de 1\u00aa. Asiento: Muelles zig-zag. Coj\u00edn asiento: Goma [&hellip;]<\/p>\n","protected":false},"featured_media":14265,"template":"","meta":[],"product_brand":[298],"product_cat":[204,195],"product_tag":[322,297],"class_list":{"0":"post-14264","1":"product","2":"type-product","3":"status-publish","4":"has-post-thumbnail","6":"product_brand-top-tapizados","7":"product_cat-sofas-y-chaiselongues","8":"product_cat-sofas-y-sillones","9":"product_tag-chaise-longue","10":"product_tag-sofa","12":"entry","13":"has-media","15":"first","16":"instock","17":"taxable","18":"shipping-taxable","19":"product-type-simple","20":"has-product-nav","21":"col","22":"span_1_of_3","23":"owp-content-center","24":"owp-thumbs-layout-horizontal","25":"owp-btn-normal","26":"owp-tabs-layout-horizontal"},"_links":{"self":[{"href":"https:\/\/mundimueble.com\/index.php\/wp-json\/wp\/v2\/product\/14264","targetHints":{"allow":["GET"]}}],"collection":[{"href":"https:\/\/mundimueble.com\/index.php\/wp-json\/wp\/v2\/product"}],"about":[{"href":"https:\/\/mundimueble.com\/index.php\/wp-json\/wp\/v2\/types\/product"}],"version-history":[{"count":1,"href":"https:\/\/mundimueble.com\/index.php\/wp-json\/wp\/v2\/product\/14264\/revisions"}],"predecessor-version":[{"id":15281,"href":"https:\/\/mundimueble.com\/index.php\/wp-json\/wp\/v2\/product\/14264\/revisions\/15281"}],"wp:featuredmedia":[{"embeddable":true,"href":"https:\/\/mundimueble.com\/index.php\/wp-json\/wp\/v2\/media\/14265"}],"wp:attachment":[{"href":"https:\/\/mundimueble.com\/index.php\/wp-json\/wp\/v2\/media?parent=14264"}],"wp:term":[{"taxonomy":"product_brand","embeddable":true,"href":"https:\/\/mundimueble.com\/index.php\/wp-json\/wp\/v2\/product_brand?post=14264"},{"taxonomy":"product_cat","embeddable":true,"href":"https:\/\/mundimueble.com\/index.php\/wp-json\/wp\/v2\/product_cat?post=14264"},{"taxonomy":"product_tag","embeddable":true,"href":"https:\/\/mundimueble.com\/index.php\/wp-json\/wp\/v2\/product_tag?post=14264"}],"curies":[{"name":"wp","href":"https:\/\/api.w.org\/{rel}","templated":true}]}}

Sofá Modular Plus

<p>Sofá Modular Modelo Plus, fabricado por Top Tapizados. Este sofá se vende por módulos, lo cual permite personalizar el tamaño y módulos a tu gusto. Esto significa que también es posible comprarlo como chaise longue o rinconera si así lo prefieres.</p>
<ul>
<li>Armazón: Madera de pino y aglomerado de 1ª.</li>
<li>Asiento: Muelles zig-zag.</li>
<li>Cojín asiento: Goma de 32 kg. y bloque de muelles ensacados.</li>
<li>Cabezal y riñonera: Goma 25kg.SS.</li>
<li>Brazo: Goma de 25 kg.</li>
<li>Almohadas de respaldo y asiento: Desenfundables.</li>
<li>&gt;Cabezal reclinable.</li>
<li>Patas de serie: Metálicas de 12.5cm. color BROWN.</li>
</ul>

<p>Sofá Modular Modelo Plus, fabricado por Top Tapizados. Este sofá se vende por módulos, lo cual permite personalizar el tamaño y módulos a tu gusto. Esto significa que también es posible comprarlo como chaise longue o rinconera si así lo prefieres. Armazón: Madera de pino y aglomerado de 1ª. Asiento: Muelles zig-zag. Cojín asiento: Goma [&hellip;]</p>
