{"id":14257,"date":"2023-04-24T11:03:18","date_gmt":"2023-04-24T09:03:18","guid":{"rendered":"https:\/\/mundimueble.com\/?post_type=product&#038;p=14257"},"modified":"2025-10-01T12:40:02","modified_gmt":"2025-10-01T10:40:02","slug":"butaca-luna-top-tapizados","status":"publish","type":"product","link":"https:\/\/mundimueble.com\/index.php\/producto\/butaca-luna-top-tapizados\/","title":{"rendered":"Butaca Luna"},"content":{"rendered":"<p>Armaz\u00f3n: Madera de pino y aglomerado de 1\u00aa calidad.<\/p>\n<ul>\n<li>ASIENTO: Muelle zig-zag.<\/li>\n<li>CABEZAL Y RI\u00d1ONERA: Fibra hueca garantizada.<\/li>\n<li>BRAZOS: Goma 25 kg.<\/li>\n<li>COJ\u00cdN ASIENTO: Goma 35 kg. +Viscoel\u00e1stica 3 cm.<\/li>\n<li>ALMOHADA DE RESPALDO Y ASIENTO: Desenfundables.<\/li>\n<li>PATA DE SERIE: Met\u00e1lica de 12,5 cm. color BROWN.<\/li>\n<\/ul>\n","protected":false},"excerpt":{"rendered":"<p>Armaz\u00f3n: Madera de pino y aglomerado de 1\u00aa calidad. ASIENTO: Muelle zig-zag. CABEZAL Y RI\u00d1ONERA: Fibra hueca garantizada. BRAZOS: Goma 25 kg. COJ\u00cdN ASIENTO: Goma 35 kg. +Viscoel\u00e1stica 3 cm. ALMOHADA DE RESPALDO Y ASIENTO: Desenfundables. PATA DE SERIE: Met\u00e1lica de 12,5 cm. color BROWN.<\/p>\n","protected":false},"featured_media":14258,"template":"","meta":[],"product_brand":[298],"product_cat":[205,195],"product_tag":[334],"class_list":{"0":"post-14257","1":"product","2":"type-product","3":"status-publish","4":"has-post-thumbnail","6":"product_brand-top-tapizados","7":"product_cat-sillones-y-butacas","8":"product_cat-sofas-y-sillones","9":"product_tag-sillon","11":"entry","12":"has-media","14":"first","15":"instock","16":"taxable","17":"shipping-taxable","18":"product-type-simple","19":"has-product-nav","20":"col","21":"span_1_of_3","22":"owp-content-center","23":"owp-thumbs-layout-horizontal","24":"owp-btn-normal","25":"owp-tabs-layout-horizontal"},"_links":{"self":[{"href":"https:\/\/mundimueble.com\/index.php\/wp-json\/wp\/v2\/product\/14257","targetHints":{"allow":["GET"]}}],"collection":[{"href":"https:\/\/mundimueble.com\/index.php\/wp-json\/wp\/v2\/product"}],"about":[{"href":"https:\/\/mundimueble.com\/index.php\/wp-json\/wp\/v2\/types\/product"}],"version-history":[{"count":1,"href":"https:\/\/mundimueble.com\/index.php\/wp-json\/wp\/v2\/product\/14257\/revisions"}],"predecessor-version":[{"id":14261,"href":"https:\/\/mundimueble.com\/index.php\/wp-json\/wp\/v2\/product\/14257\/revisions\/14261"}],"wp:featuredmedia":[{"embeddable":true,"href":"https:\/\/mundimueble.com\/index.php\/wp-json\/wp\/v2\/media\/14258"}],"wp:attachment":[{"href":"https:\/\/mundimueble.com\/index.php\/wp-json\/wp\/v2\/media?parent=14257"}],"wp:term":[{"taxonomy":"product_brand","embeddable":true,"href":"https:\/\/mundimueble.com\/index.php\/wp-json\/wp\/v2\/product_brand?post=14257"},{"taxonomy":"product_cat","embeddable":true,"href":"https:\/\/mundimueble.com\/index.php\/wp-json\/wp\/v2\/product_cat?post=14257"},{"taxonomy":"product_tag","embeddable":true,"href":"https:\/\/mundimueble.com\/index.php\/wp-json\/wp\/v2\/product_tag?post=14257"}],"curies":[{"name":"wp","href":"https:\/\/api.w.org\/{rel}","templated":true}]}}

<p>Armazón: Madera de pino y aglomerado de 1ª calidad.</p>
<ul>
<li>ASIENTO: Muelle zig-zag.</li>
<li>CABEZAL Y RIÑONERA: Fibra hueca garantizada.</li>
<li>BRAZOS: Goma 25 kg.</li>
<li>COJÍN ASIENTO: Goma 35 kg. +Viscoelástica 3 cm.</li>
<li>ALMOHADA DE RESPALDO Y ASIENTO: Desenfundables.</li>
<li>PATA DE SERIE: Metálica de 12,5 cm. color BROWN.</li>
</ul>

<p>Armazón: Madera de pino y aglomerado de 1ª calidad. ASIENTO: Muelle zig-zag. CABEZAL Y RIÑONERA: Fibra hueca garantizada. BRAZOS: Goma 25 kg. COJÍN ASIENTO: Goma 35 kg. +Viscoelástica 3 cm. ALMOHADA DE RESPALDO Y ASIENTO: Desenfundables. PATA DE SERIE: Metálica de 12,5 cm. color BROWN.</p>
