{"id":14248,"date":"2023-04-24T11:00:35","date_gmt":"2023-04-24T09:00:35","guid":{"rendered":"https:\/\/mundimueble.com\/?post_type=product&#038;p=14248"},"modified":"2025-09-24T13:00:56","modified_gmt":"2025-09-24T11:00:56","slug":"sofa-luna-top-tapizados","status":"publish","type":"product","link":"https:\/\/mundimueble.com\/index.php\/producto\/sofa-luna-top-tapizados\/","title":{"rendered":"Sof\u00e1 Modular Luna"},"content":{"rendered":"<p>Sof\u00e1 Modular Modelo Luna, fabricado por Top Tapizados. Este sof\u00e1 se vende por m\u00f3dulos, lo cual permite personalizar el tama\u00f1o y m\u00f3dulos a tu gusto. Esto significa que tambi\u00e9n es posible comprarlo como chaise longue si as\u00ed lo prefieres.<\/p>\n<ul>\n<li>Armaz\u00f3n: Madera de pino y aglomerado de 1\u00aa calidad.<\/li>\n<li>ASIENTO: Muelle zig-zag.<\/li>\n<li>CABEZAL Y RI\u00d1ONERA: Fibra hueca garantizada.<\/li>\n<li>BRAZOS: Goma 25 kg.<\/li>\n<li>COJ\u00cdN ASIENTO: Goma 35 kg. +Viscoel\u00e1stica 3 cm.<\/li>\n<li>CABEZAL RECLINABLE 2 POSICIONES.<\/li>\n<li>ALMOHADA DE RESPALDO Y ASIENTO: Desenfundables.<\/li>\n<li>PATA DE SERIE: Met\u00e1lica de 12,5 cm. color BROWN.<\/li>\n<li>BRAZOS ATORNILLADOS (pueden desmontarse).<\/li>\n<\/ul>\n","protected":false},"excerpt":{"rendered":"<p>Sof\u00e1 Modular Modelo Luna, fabricado por Top Tapizados. Este sof\u00e1 se vende por m\u00f3dulos, lo cual permite personalizar el tama\u00f1o y m\u00f3dulos a tu gusto. Esto significa que tambi\u00e9n es posible comprarlo como chaise longue si as\u00ed lo prefieres. Armaz\u00f3n: Madera de pino y aglomerado de 1\u00aa calidad. ASIENTO: Muelle zig-zag. CABEZAL Y RI\u00d1ONERA: Fibra [&hellip;]<\/p>\n","protected":false},"featured_media":14249,"template":"","meta":[],"product_brand":[298],"product_cat":[204,195],"product_tag":[322,297],"class_list":{"0":"post-14248","1":"product","2":"type-product","3":"status-publish","4":"has-post-thumbnail","6":"product_brand-top-tapizados","7":"product_cat-sofas-y-chaiselongues","8":"product_cat-sofas-y-sillones","9":"product_tag-chaise-longue","10":"product_tag-sofa","12":"entry","13":"has-media","15":"first","16":"instock","17":"taxable","18":"shipping-taxable","19":"product-type-simple","20":"has-product-nav","21":"col","22":"span_1_of_3","23":"owp-content-center","24":"owp-thumbs-layout-horizontal","25":"owp-btn-normal","26":"owp-tabs-layout-horizontal"},"_links":{"self":[{"href":"https:\/\/mundimueble.com\/index.php\/wp-json\/wp\/v2\/product\/14248","targetHints":{"allow":["GET"]}}],"collection":[{"href":"https:\/\/mundimueble.com\/index.php\/wp-json\/wp\/v2\/product"}],"about":[{"href":"https:\/\/mundimueble.com\/index.php\/wp-json\/wp\/v2\/types\/product"}],"version-history":[{"count":1,"href":"https:\/\/mundimueble.com\/index.php\/wp-json\/wp\/v2\/product\/14248\/revisions"}],"predecessor-version":[{"id":15282,"href":"https:\/\/mundimueble.com\/index.php\/wp-json\/wp\/v2\/product\/14248\/revisions\/15282"}],"wp:featuredmedia":[{"embeddable":true,"href":"https:\/\/mundimueble.com\/index.php\/wp-json\/wp\/v2\/media\/14249"}],"wp:attachment":[{"href":"https:\/\/mundimueble.com\/index.php\/wp-json\/wp\/v2\/media?parent=14248"}],"wp:term":[{"taxonomy":"product_brand","embeddable":true,"href":"https:\/\/mundimueble.com\/index.php\/wp-json\/wp\/v2\/product_brand?post=14248"},{"taxonomy":"product_cat","embeddable":true,"href":"https:\/\/mundimueble.com\/index.php\/wp-json\/wp\/v2\/product_cat?post=14248"},{"taxonomy":"product_tag","embeddable":true,"href":"https:\/\/mundimueble.com\/index.php\/wp-json\/wp\/v2\/product_tag?post=14248"}],"curies":[{"name":"wp","href":"https:\/\/api.w.org\/{rel}","templated":true}]}}

Sofá Modular Luna

<p>Sofá Modular Modelo Luna, fabricado por Top Tapizados. Este sofá se vende por módulos, lo cual permite personalizar el tamaño y módulos a tu gusto. Esto significa que también es posible comprarlo como chaise longue si así lo prefieres.</p>
<ul>
<li>Armazón: Madera de pino y aglomerado de 1ª calidad.</li>
<li>ASIENTO: Muelle zig-zag.</li>
<li>CABEZAL Y RIÑONERA: Fibra hueca garantizada.</li>
<li>BRAZOS: Goma 25 kg.</li>
<li>COJÍN ASIENTO: Goma 35 kg. +Viscoelástica 3 cm.</li>
<li>CABEZAL RECLINABLE 2 POSICIONES.</li>
<li>ALMOHADA DE RESPALDO Y ASIENTO: Desenfundables.</li>
<li>PATA DE SERIE: Metálica de 12,5 cm. color BROWN.</li>
<li>BRAZOS ATORNILLADOS (pueden desmontarse).</li>
</ul>

<p>Sofá Modular Modelo Luna, fabricado por Top Tapizados. Este sofá se vende por módulos, lo cual permite personalizar el tamaño y módulos a tu gusto. Esto significa que también es posible comprarlo como chaise longue si así lo prefieres. Armazón: Madera de pino y aglomerado de 1ª calidad. ASIENTO: Muelle zig-zag. CABEZAL Y RIÑONERA: Fibra [&hellip;]</p>
