{"id":14242,"date":"2023-04-22T13:45:31","date_gmt":"2023-04-22T11:45:31","guid":{"rendered":"https:\/\/mundimueble.com\/?post_type=product&#038;p=14242"},"modified":"2025-10-01T12:44:10","modified_gmt":"2025-10-01T10:44:10","slug":"chaise-longe-luz-top-tapizados","status":"publish","type":"product","link":"https:\/\/mundimueble.com\/index.php\/producto\/chaise-longe-luz-top-tapizados\/","title":{"rendered":"Sof\u00e1 Modular Luz"},"content":{"rendered":"<p>Sof\u00e1 Modular Luna, de Top Tapizados. Disponible tanto Fijo como con motor Relax.<\/p>\n<p>Al ser un sof\u00e1 por m\u00f3dulos, puede adaptarse a cualquier espacio, y adem\u00e1s dispone de un m\u00f3dulo con chaiselongue si as\u00ed se prefiere.<\/p>\n<ul>\n<li>Armaz\u00f3n: Madera de pino y aglomerado de 1\u00aa calidad.<\/li>\n<li>ASIENTO: Muelle zig-zag.<\/li>\n<li>CABEZAL Y RI\u00d1ONERA: Fibra hueca garantizada.<\/li>\n<li>BRAZOS: Goma 35 kg. Viscoel\u00e1stica 3 cm.<\/li>\n<li>COJ\u00cdN ASIENTO: Goma 35 kg. +Viscoel\u00e1stica 3 cm.<\/li>\n<li>CABEZAL RECLINABLE 2 POSICIONES.<\/li>\n<li>ALMOHADA DE RESPALDO Y ASIENTO: Desenfundables.<\/li>\n<li>PATA DE SERIE: Met\u00e1lica de 13,5 cms.<\/li>\n<li>Otras opciones de patas (VER PAGINA 06).<\/li>\n<li>BRAZOS ATORNILLADOS (pueden desmontarse).<\/li>\n<\/ul>\n","protected":false},"excerpt":{"rendered":"<p>Sof\u00e1 Modular Luna, de Top Tapizados. Disponible tanto Fijo como con motor Relax. Al ser un sof\u00e1 por m\u00f3dulos, puede adaptarse a cualquier espacio, y adem\u00e1s dispone de un m\u00f3dulo con chaiselongue si as\u00ed se prefiere. Armaz\u00f3n: Madera de pino y aglomerado de 1\u00aa calidad. ASIENTO: Muelle zig-zag. CABEZAL Y RI\u00d1ONERA: Fibra hueca garantizada. BRAZOS: [&hellip;]<\/p>\n","protected":false},"featured_media":14243,"template":"","meta":[],"product_brand":[298],"product_cat":[204,195],"product_tag":[322,297],"class_list":{"0":"post-14242","1":"product","2":"type-product","3":"status-publish","4":"has-post-thumbnail","6":"product_brand-top-tapizados","7":"product_cat-sofas-y-chaiselongues","8":"product_cat-sofas-y-sillones","9":"product_tag-chaise-longue","10":"product_tag-sofa","12":"entry","13":"has-media","15":"first","16":"instock","17":"taxable","18":"shipping-taxable","19":"product-type-simple","20":"has-product-nav","21":"col","22":"span_1_of_3","23":"owp-content-center","24":"owp-thumbs-layout-horizontal","25":"owp-btn-normal","26":"owp-tabs-layout-horizontal"},"_links":{"self":[{"href":"https:\/\/mundimueble.com\/index.php\/wp-json\/wp\/v2\/product\/14242","targetHints":{"allow":["GET"]}}],"collection":[{"href":"https:\/\/mundimueble.com\/index.php\/wp-json\/wp\/v2\/product"}],"about":[{"href":"https:\/\/mundimueble.com\/index.php\/wp-json\/wp\/v2\/types\/product"}],"version-history":[{"count":1,"href":"https:\/\/mundimueble.com\/index.php\/wp-json\/wp\/v2\/product\/14242\/revisions"}],"predecessor-version":[{"id":15351,"href":"https:\/\/mundimueble.com\/index.php\/wp-json\/wp\/v2\/product\/14242\/revisions\/15351"}],"wp:featuredmedia":[{"embeddable":true,"href":"https:\/\/mundimueble.com\/index.php\/wp-json\/wp\/v2\/media\/14243"}],"wp:attachment":[{"href":"https:\/\/mundimueble.com\/index.php\/wp-json\/wp\/v2\/media?parent=14242"}],"wp:term":[{"taxonomy":"product_brand","embeddable":true,"href":"https:\/\/mundimueble.com\/index.php\/wp-json\/wp\/v2\/product_brand?post=14242"},{"taxonomy":"product_cat","embeddable":true,"href":"https:\/\/mundimueble.com\/index.php\/wp-json\/wp\/v2\/product_cat?post=14242"},{"taxonomy":"product_tag","embeddable":true,"href":"https:\/\/mundimueble.com\/index.php\/wp-json\/wp\/v2\/product_tag?post=14242"}],"curies":[{"name":"wp","href":"https:\/\/api.w.org\/{rel}","templated":true}]}}

Sofá Modular Luz

<p>Sofá Modular Luna, de Top Tapizados. Disponible tanto Fijo como con motor Relax.</p>
<p>Al ser un sofá por módulos, puede adaptarse a cualquier espacio, y además dispone de un módulo con chaiselongue si así se prefiere.</p>
<ul>
<li>Armazón: Madera de pino y aglomerado de 1ª calidad.</li>
<li>ASIENTO: Muelle zig-zag.</li>
<li>CABEZAL Y RIÑONERA: Fibra hueca garantizada.</li>
<li>BRAZOS: Goma 35 kg. Viscoelástica 3 cm.</li>
<li>COJÍN ASIENTO: Goma 35 kg. +Viscoelástica 3 cm.</li>
<li>CABEZAL RECLINABLE 2 POSICIONES.</li>
<li>ALMOHADA DE RESPALDO Y ASIENTO: Desenfundables.</li>
<li>PATA DE SERIE: Metálica de 13,5 cms.</li>
<li>Otras opciones de patas (VER PAGINA 06).</li>
<li>BRAZOS ATORNILLADOS (pueden desmontarse).</li>
</ul>

<p>Sofá Modular Luna, de Top Tapizados. Disponible tanto Fijo como con motor Relax. Al ser un sofá por módulos, puede adaptarse a cualquier espacio, y además dispone de un módulo con chaiselongue si así se prefiere. Armazón: Madera de pino y aglomerado de 1ª calidad. ASIENTO: Muelle zig-zag. CABEZAL Y RIÑONERA: Fibra hueca garantizada. BRAZOS: [&hellip;]</p>
