{"id":14175,"date":"2023-04-20T12:08:47","date_gmt":"2023-04-20T10:08:47","guid":{"rendered":"https:\/\/mundimueble.com\/?post_type=product&#038;p=14175"},"modified":"2025-09-24T13:00:57","modified_gmt":"2025-09-24T11:00:57","slug":"sofa-ainara-top-tapizados","status":"publish","type":"product","link":"https:\/\/mundimueble.com\/index.php\/producto\/sofa-ainara-top-tapizados\/","title":{"rendered":"Sof\u00e1 Modular Ainara"},"content":{"rendered":"<p>Sof\u00e1 Modular Modelo Ainara, fabricado por Top Tapizados. Este sof\u00e1 se vende por m\u00f3dulos, lo cual permite personalizar el tama\u00f1o y m\u00f3dulos a tu gusto. Esto significa que tambi\u00e9n es posible comprarlo como chaise longue o rinconera si as\u00ed lo prefieres.<\/p>\n<div class=\"wpb_text_column wpb_content_element \">\n<div class=\"wpb_wrapper\">\n<ul>\n<li>Armaz\u00f3n: Madera de pino y aglomerado de 1\u00aa.<\/li>\n<li>Asiento: Muelles.<\/li>\n<li>Coj\u00edn asiento: Goma-espuma de 32 kg. y bloque de muelles ensacados.<\/li>\n<li>Respaldo: Fibra hueca garantizada.<\/li>\n<li>Almohada de brazo: Fribra hueca garantizada<\/li>\n<li>Almohadas de respaldo, brazos y asiento: Desenfundables.<\/li>\n<li>Patas met\u00e1licas de 5 cm de altura.<\/li>\n<\/ul>\n<\/div>\n<\/div>\n<div class=\"vc_row wpb_row section vc_row-fluid vc_inner \">\n<div class=\" full_section_inner clearfix\">\n<div class=\"wpb_column vc_column_container vc_col-sm-12\">\n<div class=\"vc_column-inner\">\n<div class=\"wpb_wrapper\">\n<div class=\"vc_empty_space\"><\/div>\n<\/div>\n<\/div>\n<\/div>\n<\/div>\n<\/div>\n","protected":false},"excerpt":{"rendered":"<p>Sof\u00e1 Modular Modelo Ainara, fabricado por Top Tapizados. Este sof\u00e1 se vende por m\u00f3dulos, lo cual permite personalizar el tama\u00f1o y m\u00f3dulos a tu gusto. Esto significa que tambi\u00e9n es posible comprarlo como chaise longue o rinconera si as\u00ed lo prefieres. Armaz\u00f3n: Madera de pino y aglomerado de 1\u00aa. Asiento: Muelles. Coj\u00edn asiento: Goma-espuma de [&hellip;]<\/p>\n","protected":false},"featured_media":14176,"template":"","meta":[],"product_brand":[298],"product_cat":[204,195],"product_tag":[322,297,323],"class_list":{"0":"post-14175","1":"product","2":"type-product","3":"status-publish","4":"has-post-thumbnail","6":"product_brand-top-tapizados","7":"product_cat-sofas-y-chaiselongues","8":"product_cat-sofas-y-sillones","9":"product_tag-chaise-longue","10":"product_tag-sofa","11":"product_tag-sofa-rinconera","13":"entry","14":"has-media","16":"first","17":"instock","18":"taxable","19":"shipping-taxable","20":"product-type-simple","21":"has-product-nav","22":"col","23":"span_1_of_3","24":"owp-content-center","25":"owp-thumbs-layout-horizontal","26":"owp-btn-normal","27":"owp-tabs-layout-horizontal"},"_links":{"self":[{"href":"https:\/\/mundimueble.com\/index.php\/wp-json\/wp\/v2\/product\/14175","targetHints":{"allow":["GET"]}}],"collection":[{"href":"https:\/\/mundimueble.com\/index.php\/wp-json\/wp\/v2\/product"}],"about":[{"href":"https:\/\/mundimueble.com\/index.php\/wp-json\/wp\/v2\/types\/product"}],"version-history":[{"count":1,"href":"https:\/\/mundimueble.com\/index.php\/wp-json\/wp\/v2\/product\/14175\/revisions"}],"predecessor-version":[{"id":15284,"href":"https:\/\/mundimueble.com\/index.php\/wp-json\/wp\/v2\/product\/14175\/revisions\/15284"}],"wp:featuredmedia":[{"embeddable":true,"href":"https:\/\/mundimueble.com\/index.php\/wp-json\/wp\/v2\/media\/14176"}],"wp:attachment":[{"href":"https:\/\/mundimueble.com\/index.php\/wp-json\/wp\/v2\/media?parent=14175"}],"wp:term":[{"taxonomy":"product_brand","embeddable":true,"href":"https:\/\/mundimueble.com\/index.php\/wp-json\/wp\/v2\/product_brand?post=14175"},{"taxonomy":"product_cat","embeddable":true,"href":"https:\/\/mundimueble.com\/index.php\/wp-json\/wp\/v2\/product_cat?post=14175"},{"taxonomy":"product_tag","embeddable":true,"href":"https:\/\/mundimueble.com\/index.php\/wp-json\/wp\/v2\/product_tag?post=14175"}],"curies":[{"name":"wp","href":"https:\/\/api.w.org\/{rel}","templated":true}]}}

Sofá Modular Ainara

<p>Sofá Modular Modelo Ainara, fabricado por Top Tapizados. Este sofá se vende por módulos, lo cual permite personalizar el tamaño y módulos a tu gusto. Esto significa que también es posible comprarlo como chaise longue o rinconera si así lo prefieres.</p>
<div class="wpb_text_column wpb_content_element ">
<div class="wpb_wrapper">
<ul>
<li>Armazón: Madera de pino y aglomerado de 1ª.</li>
<li>Asiento: Muelles.</li>
<li>Cojín asiento: Goma-espuma de 32 kg. y bloque de muelles ensacados.</li>
<li>Respaldo: Fibra hueca garantizada.</li>
<li>Almohada de brazo: Fribra hueca garantizada</li>
<li>Almohadas de respaldo, brazos y asiento: Desenfundables.</li>
<li>Patas metálicas de 5 cm de altura.</li>
</ul>
</div>
</div>
<div class="vc_row wpb_row section vc_row-fluid vc_inner ">
<div class=" full_section_inner clearfix">
<div class="wpb_column vc_column_container vc_col-sm-12">
<div class="vc_column-inner">
<div class="wpb_wrapper">
<div class="vc_empty_space"></div>
</div>
</div>
</div>
</div>
</div>

<p>Sofá Modular Modelo Ainara, fabricado por Top Tapizados. Este sofá se vende por módulos, lo cual permite personalizar el tamaño y módulos a tu gusto. Esto significa que también es posible comprarlo como chaise longue o rinconera si así lo prefieres. Armazón: Madera de pino y aglomerado de 1ª. Asiento: Muelles. Cojín asiento: Goma-espuma de [&hellip;]</p>
