{"id":14144,"date":"2023-04-20T11:54:50","date_gmt":"2023-04-20T09:54:50","guid":{"rendered":"https:\/\/mundimueble.com\/?post_type=product&#038;p=14144"},"modified":"2025-09-24T13:00:59","modified_gmt":"2025-09-24T11:00:59","slug":"sofa-sol-top-tapizados","status":"publish","type":"product","link":"https:\/\/mundimueble.com\/index.php\/producto\/sofa-sol-top-tapizados\/","title":{"rendered":"Sof\u00e1 Modular Sol"},"content":{"rendered":"<p>Sof\u00e1 Modular Modelo Sol, fabricado por Top Tapizados. Este sof\u00e1 se vende por m\u00f3dulos, lo cual permite personalizar el tama\u00f1o y m\u00f3dulos a tu gusto. Esto significa que tambi\u00e9n es posible comprarlo como chaise longue o rinconera si as\u00ed lo prefieres.<\/p>\n<ul>\n<li>Armaz\u00f3n: Madera de pino y aglomerado de 1\u00aa.<\/li>\n<li>Asiento: Muelles.<\/li>\n<li>Coj\u00edn asiento: Goma de 32kg y bloque de muelles ensacado.<\/li>\n<li>Respaldo: Fibra hueca garantizada.<\/li>\n<li>Almohada brazo: Fibra hueca garantizada.<\/li>\n<li>Almohadas de respaldo, brazo y asiento: Desenfundables.<\/li>\n<li>Patas: 10,5cm. de altura.<\/li>\n<\/ul>\n","protected":false},"excerpt":{"rendered":"<p>Sof\u00e1 Modular Modelo Sol, fabricado por Top Tapizados. Este sof\u00e1 se vende por m\u00f3dulos, lo cual permite personalizar el tama\u00f1o y m\u00f3dulos a tu gusto. Esto significa que tambi\u00e9n es posible comprarlo como chaise longue o rinconera si as\u00ed lo prefieres. Armaz\u00f3n: Madera de pino y aglomerado de 1\u00aa. Asiento: Muelles. Coj\u00edn asiento: Goma de [&hellip;]<\/p>\n","protected":false},"featured_media":14148,"template":"","meta":[],"product_brand":[298],"product_cat":[204,195],"product_tag":[322,297,326],"class_list":{"0":"post-14144","1":"product","2":"type-product","3":"status-publish","4":"has-post-thumbnail","6":"product_brand-top-tapizados","7":"product_cat-sofas-y-chaiselongues","8":"product_cat-sofas-y-sillones","9":"product_tag-chaise-longue","10":"product_tag-sofa","11":"product_tag-sofna","13":"entry","14":"has-media","16":"first","17":"instock","18":"taxable","19":"shipping-taxable","20":"product-type-simple","21":"has-product-nav","22":"col","23":"span_1_of_3","24":"owp-content-center","25":"owp-thumbs-layout-horizontal","26":"owp-btn-normal","27":"owp-tabs-layout-horizontal"},"_links":{"self":[{"href":"https:\/\/mundimueble.com\/index.php\/wp-json\/wp\/v2\/product\/14144","targetHints":{"allow":["GET"]}}],"collection":[{"href":"https:\/\/mundimueble.com\/index.php\/wp-json\/wp\/v2\/product"}],"about":[{"href":"https:\/\/mundimueble.com\/index.php\/wp-json\/wp\/v2\/types\/product"}],"version-history":[{"count":0,"href":"https:\/\/mundimueble.com\/index.php\/wp-json\/wp\/v2\/product\/14144\/revisions"}],"wp:featuredmedia":[{"embeddable":true,"href":"https:\/\/mundimueble.com\/index.php\/wp-json\/wp\/v2\/media\/14148"}],"wp:attachment":[{"href":"https:\/\/mundimueble.com\/index.php\/wp-json\/wp\/v2\/media?parent=14144"}],"wp:term":[{"taxonomy":"product_brand","embeddable":true,"href":"https:\/\/mundimueble.com\/index.php\/wp-json\/wp\/v2\/product_brand?post=14144"},{"taxonomy":"product_cat","embeddable":true,"href":"https:\/\/mundimueble.com\/index.php\/wp-json\/wp\/v2\/product_cat?post=14144"},{"taxonomy":"product_tag","embeddable":true,"href":"https:\/\/mundimueble.com\/index.php\/wp-json\/wp\/v2\/product_tag?post=14144"}],"curies":[{"name":"wp","href":"https:\/\/api.w.org\/{rel}","templated":true}]}}

Sofá Modular Sol

<p>Sofá Modular Modelo Sol, fabricado por Top Tapizados. Este sofá se vende por módulos, lo cual permite personalizar el tamaño y módulos a tu gusto. Esto significa que también es posible comprarlo como chaise longue o rinconera si así lo prefieres.</p>
<ul>
<li>Armazón: Madera de pino y aglomerado de 1ª.</li>
<li>Asiento: Muelles.</li>
<li>Cojín asiento: Goma de 32kg y bloque de muelles ensacado.</li>
<li>Respaldo: Fibra hueca garantizada.</li>
<li>Almohada brazo: Fibra hueca garantizada.</li>
<li>Almohadas de respaldo, brazo y asiento: Desenfundables.</li>
<li>Patas: 10,5cm. de altura.</li>
</ul>

<p>Sofá Modular Modelo Sol, fabricado por Top Tapizados. Este sofá se vende por módulos, lo cual permite personalizar el tamaño y módulos a tu gusto. Esto significa que también es posible comprarlo como chaise longue o rinconera si así lo prefieres. Armazón: Madera de pino y aglomerado de 1ª. Asiento: Muelles. Cojín asiento: Goma de [&hellip;]</p>
