{"id":14020,"date":"2023-04-17T11:50:34","date_gmt":"2023-04-17T09:50:34","guid":{"rendered":"https:\/\/mundimueble.com\/?post_type=product&#038;p=14020"},"modified":"2025-10-02T12:30:18","modified_gmt":"2025-10-02T10:30:18","slug":"butaca-modelo-lola","status":"publish","type":"product","link":"https:\/\/mundimueble.com\/index.php\/producto\/butaca-modelo-lola\/","title":{"rendered":"Butaca Relax Lola"},"content":{"rendered":"<p>Butaca con sistema exclusivo de cable \u00fanico.<\/p>\n<p>Esta butaca esta disponible en diferentes tama\u00f1os, seg\u00fan la necesidad del cliente. Tama\u00f1os disponibles: S-M-L-XL-LL-XLL.<\/p>\n","protected":false},"excerpt":{"rendered":"<p>Butaca con sistema exclusivo de cable \u00fanico. Esta butaca esta disponible en diferentes tama\u00f1os, seg\u00fan la necesidad del cliente. Tama\u00f1os disponibles: S-M-L-XL-LL-XLL.<\/p>\n","protected":false},"featured_media":14021,"template":"","meta":[],"product_brand":[344],"product_cat":[205,195],"product_tag":[345,334],"class_list":{"0":"post-14020","1":"product","2":"type-product","3":"status-publish","4":"has-post-thumbnail","6":"product_brand-trapidel","7":"product_cat-sillones-y-butacas","8":"product_cat-sofas-y-sillones","9":"product_tag-butaca","10":"product_tag-sillon","12":"entry","13":"has-media","15":"first","16":"instock","17":"taxable","18":"shipping-taxable","19":"product-type-simple","20":"has-product-nav","21":"col","22":"span_1_of_3","23":"owp-content-center","24":"owp-thumbs-layout-horizontal","25":"owp-btn-normal","26":"owp-tabs-layout-horizontal"},"_links":{"self":[{"href":"https:\/\/mundimueble.com\/index.php\/wp-json\/wp\/v2\/product\/14020","targetHints":{"allow":["GET"]}}],"collection":[{"href":"https:\/\/mundimueble.com\/index.php\/wp-json\/wp\/v2\/product"}],"about":[{"href":"https:\/\/mundimueble.com\/index.php\/wp-json\/wp\/v2\/types\/product"}],"version-history":[{"count":1,"href":"https:\/\/mundimueble.com\/index.php\/wp-json\/wp\/v2\/product\/14020\/revisions"}],"predecessor-version":[{"id":14029,"href":"https:\/\/mundimueble.com\/index.php\/wp-json\/wp\/v2\/product\/14020\/revisions\/14029"}],"wp:featuredmedia":[{"embeddable":true,"href":"https:\/\/mundimueble.com\/index.php\/wp-json\/wp\/v2\/media\/14021"}],"wp:attachment":[{"href":"https:\/\/mundimueble.com\/index.php\/wp-json\/wp\/v2\/media?parent=14020"}],"wp:term":[{"taxonomy":"product_brand","embeddable":true,"href":"https:\/\/mundimueble.com\/index.php\/wp-json\/wp\/v2\/product_brand?post=14020"},{"taxonomy":"product_cat","embeddable":true,"href":"https:\/\/mundimueble.com\/index.php\/wp-json\/wp\/v2\/product_cat?post=14020"},{"taxonomy":"product_tag","embeddable":true,"href":"https:\/\/mundimueble.com\/index.php\/wp-json\/wp\/v2\/product_tag?post=14020"}],"curies":[{"name":"wp","href":"https:\/\/api.w.org\/{rel}","templated":true}]}}

<p>Butaca con sistema exclusivo de cable único.</p>
<p>Esta butaca esta disponible en diferentes tamaños, según la necesidad del cliente. Tamaños disponibles: S-M-L-XL-LL-XLL.</p>

<p>Butaca con sistema exclusivo de cable único. Esta butaca esta disponible en diferentes tamaños, según la necesidad del cliente. Tamaños disponibles: S-M-L-XL-LL-XLL.</p>
