{"id":13995,"date":"2023-04-15T13:18:20","date_gmt":"2023-04-15T11:18:20","guid":{"rendered":"https:\/\/mundimueble.com\/?post_type=product&#038;p=13995"},"modified":"2025-10-02T12:30:20","modified_gmt":"2025-10-02T10:30:20","slug":"butaca-modelo-confort","status":"publish","type":"product","link":"https:\/\/mundimueble.com\/index.php\/producto\/butaca-modelo-confort\/","title":{"rendered":"Butaca Relax Confort"},"content":{"rendered":"<p><strong>Butaca con:<\/strong><\/p>\n<ul>\n<li>Cabezal ergodin\u00e1mico<\/li>\n<li>Opci\u00f3n de pie extendido<\/li>\n<li>Bandeja dual abatible<\/li>\n<li>Disponible en: tela y piel sint\u00e9tica<\/li>\n<\/ul>\n","protected":false},"excerpt":{"rendered":"<p>Butaca con: Cabezal ergodin\u00e1mico Opci\u00f3n de pie extendido Bandeja dual abatible Disponible en: tela y piel sint\u00e9tica<\/p>\n","protected":false},"featured_media":13996,"template":"","meta":[],"product_brand":[344],"product_cat":[205,195],"product_tag":[345,334],"class_list":{"0":"post-13995","1":"product","2":"type-product","3":"status-publish","4":"has-post-thumbnail","6":"product_brand-trapidel","7":"product_cat-sillones-y-butacas","8":"product_cat-sofas-y-sillones","9":"product_tag-butaca","10":"product_tag-sillon","12":"entry","13":"has-media","15":"first","16":"instock","17":"taxable","18":"shipping-taxable","19":"product-type-simple","20":"has-product-nav","21":"col","22":"span_1_of_3","23":"owp-content-center","24":"owp-thumbs-layout-horizontal","25":"owp-btn-normal","26":"owp-tabs-layout-horizontal"},"_links":{"self":[{"href":"https:\/\/mundimueble.com\/index.php\/wp-json\/wp\/v2\/product\/13995","targetHints":{"allow":["GET"]}}],"collection":[{"href":"https:\/\/mundimueble.com\/index.php\/wp-json\/wp\/v2\/product"}],"about":[{"href":"https:\/\/mundimueble.com\/index.php\/wp-json\/wp\/v2\/types\/product"}],"version-history":[{"count":0,"href":"https:\/\/mundimueble.com\/index.php\/wp-json\/wp\/v2\/product\/13995\/revisions"}],"wp:featuredmedia":[{"embeddable":true,"href":"https:\/\/mundimueble.com\/index.php\/wp-json\/wp\/v2\/media\/13996"}],"wp:attachment":[{"href":"https:\/\/mundimueble.com\/index.php\/wp-json\/wp\/v2\/media?parent=13995"}],"wp:term":[{"taxonomy":"product_brand","embeddable":true,"href":"https:\/\/mundimueble.com\/index.php\/wp-json\/wp\/v2\/product_brand?post=13995"},{"taxonomy":"product_cat","embeddable":true,"href":"https:\/\/mundimueble.com\/index.php\/wp-json\/wp\/v2\/product_cat?post=13995"},{"taxonomy":"product_tag","embeddable":true,"href":"https:\/\/mundimueble.com\/index.php\/wp-json\/wp\/v2\/product_tag?post=13995"}],"curies":[{"name":"wp","href":"https:\/\/api.w.org\/{rel}","templated":true}]}}

<p><strong>Butaca con:</strong></p>
<ul>
<li>Cabezal ergodinámico</li>
<li>Opción de pie extendido</li>
<li>Bandeja dual abatible</li>
<li>Disponible en: tela y piel sintética</li>
</ul>

<p>Butaca con: Cabezal ergodinámico Opción de pie extendido Bandeja dual abatible Disponible en: tela y piel sintética</p>
