{"id":13947,"date":"2023-04-15T10:28:07","date_gmt":"2023-04-15T08:28:07","guid":{"rendered":"https:\/\/mundimueble.com\/?post_type=product&#038;p=13947"},"modified":"2025-10-28T13:20:02","modified_gmt":"2025-10-28T11:20:02","slug":"comedor-franco-maximo-ii","status":"publish","type":"product","link":"https:\/\/mundimueble.com\/index.php\/producto\/comedor-franco-maximo-ii\/","title":{"rendered":"Sal\u00f3n Comedor M\u00e1ximo II &#8211; MX02"},"content":{"rendered":"<p>Sal\u00f3n comedor del cat\u00e1logo M\u00e1ximo II, fabricado por Franco Furniture.<\/p>\n","protected":false},"excerpt":{"rendered":"<p>Sal\u00f3n comedor del cat\u00e1logo M\u00e1ximo II, fabricado por Franco Furniture.<\/p>\n","protected":false},"featured_media":13948,"template":"","meta":[],"product_brand":[335],"product_cat":[303],"product_tag":[241,304,352],"class_list":{"0":"post-13947","1":"product","2":"type-product","3":"status-publish","4":"has-post-thumbnail","6":"product_brand-franco-furniture","7":"product_cat-conjuntos-de-salon-comedor","8":"product_tag-comedor","9":"product_tag-salon","10":"product_tag-salon-comedor","12":"entry","13":"has-media","15":"first","16":"instock","17":"taxable","18":"shipping-taxable","19":"product-type-simple","20":"has-product-nav","21":"col","22":"span_1_of_3","23":"owp-content-center","24":"owp-thumbs-layout-horizontal","25":"owp-btn-normal","26":"owp-tabs-layout-horizontal"},"_links":{"self":[{"href":"https:\/\/mundimueble.com\/index.php\/wp-json\/wp\/v2\/product\/13947","targetHints":{"allow":["GET"]}}],"collection":[{"href":"https:\/\/mundimueble.com\/index.php\/wp-json\/wp\/v2\/product"}],"about":[{"href":"https:\/\/mundimueble.com\/index.php\/wp-json\/wp\/v2\/types\/product"}],"version-history":[{"count":1,"href":"https:\/\/mundimueble.com\/index.php\/wp-json\/wp\/v2\/product\/13947\/revisions"}],"predecessor-version":[{"id":15359,"href":"https:\/\/mundimueble.com\/index.php\/wp-json\/wp\/v2\/product\/13947\/revisions\/15359"}],"wp:featuredmedia":[{"embeddable":true,"href":"https:\/\/mundimueble.com\/index.php\/wp-json\/wp\/v2\/media\/13948"}],"wp:attachment":[{"href":"https:\/\/mundimueble.com\/index.php\/wp-json\/wp\/v2\/media?parent=13947"}],"wp:term":[{"taxonomy":"product_brand","embeddable":true,"href":"https:\/\/mundimueble.com\/index.php\/wp-json\/wp\/v2\/product_brand?post=13947"},{"taxonomy":"product_cat","embeddable":true,"href":"https:\/\/mundimueble.com\/index.php\/wp-json\/wp\/v2\/product_cat?post=13947"},{"taxonomy":"product_tag","embeddable":true,"href":"https:\/\/mundimueble.com\/index.php\/wp-json\/wp\/v2\/product_tag?post=13947"}],"curies":[{"name":"wp","href":"https:\/\/api.w.org\/{rel}","templated":true}]}}