{"id":13889,"date":"2023-04-03T13:41:13","date_gmt":"2023-04-03T11:41:13","guid":{"rendered":"https:\/\/mundimueble.com\/?post_type=product&#038;p=13889"},"modified":"2025-09-12T13:53:05","modified_gmt":"2025-09-12T11:53:05","slug":"dormitorio-juvenil-058","status":"publish","type":"product","link":"https:\/\/mundimueble.com\/index.php\/producto\/dormitorio-juvenil-058\/","title":{"rendered":"Dormitorio juvenil \u00c1rea Joven &#8211; 058"},"content":{"rendered":"<p>ETAPA DE REVOLUCI\u00d3N A TODOS<br \/>\nLOS NIVELES. CUANTO MENOS DESORDEN<br \/>\nTENGA, MEJOR SERA SU NIVEL DE<br \/>\nCONCENTRACI\u00d3N.<\/p>\n<p>Acabado Base: Sauce<br \/>\nCombinaci\u00f3n: Cielo, Miel, Persa y Oliva<br \/>\nTirador: Perfil<\/p>\n","protected":false},"excerpt":{"rendered":"<p>ETAPA DE REVOLUCI\u00d3N A TODOS LOS NIVELES. CUANTO MENOS DESORDEN TENGA, MEJOR SERA SU NIVEL DE CONCENTRACI\u00d3N. Acabado Base: Sauce Combinaci\u00f3n: Cielo, Miel, Persa y Oliva Tirador: Perfil<\/p>\n","protected":false},"featured_media":13891,"template":"","meta":[],"product_brand":[328],"product_cat":[188,189],"product_tag":[329,301,306],"class_list":{"0":"post-13889","1":"product","2":"type-product","3":"status-publish","4":"has-post-thumbnail","6":"product_brand-hnos-aparicio-donoso","7":"product_cat-dormitorios","8":"product_cat-dormitorio-juvenil","9":"product_tag-area-joven","10":"product_tag-dormitorio","11":"product_tag-dormitorio-juvenil","13":"entry","14":"has-media","16":"first","17":"instock","18":"taxable","19":"shipping-taxable","20":"product-type-simple","21":"has-product-nav","22":"col","23":"span_1_of_3","24":"owp-content-center","25":"owp-thumbs-layout-horizontal","26":"owp-btn-normal","27":"owp-tabs-layout-horizontal"},"_links":{"self":[{"href":"https:\/\/mundimueble.com\/index.php\/wp-json\/wp\/v2\/product\/13889","targetHints":{"allow":["GET"]}}],"collection":[{"href":"https:\/\/mundimueble.com\/index.php\/wp-json\/wp\/v2\/product"}],"about":[{"href":"https:\/\/mundimueble.com\/index.php\/wp-json\/wp\/v2\/types\/product"}],"version-history":[{"count":1,"href":"https:\/\/mundimueble.com\/index.php\/wp-json\/wp\/v2\/product\/13889\/revisions"}],"predecessor-version":[{"id":15304,"href":"https:\/\/mundimueble.com\/index.php\/wp-json\/wp\/v2\/product\/13889\/revisions\/15304"}],"wp:featuredmedia":[{"embeddable":true,"href":"https:\/\/mundimueble.com\/index.php\/wp-json\/wp\/v2\/media\/13891"}],"wp:attachment":[{"href":"https:\/\/mundimueble.com\/index.php\/wp-json\/wp\/v2\/media?parent=13889"}],"wp:term":[{"taxonomy":"product_brand","embeddable":true,"href":"https:\/\/mundimueble.com\/index.php\/wp-json\/wp\/v2\/product_brand?post=13889"},{"taxonomy":"product_cat","embeddable":true,"href":"https:\/\/mundimueble.com\/index.php\/wp-json\/wp\/v2\/product_cat?post=13889"},{"taxonomy":"product_tag","embeddable":true,"href":"https:\/\/mundimueble.com\/index.php\/wp-json\/wp\/v2\/product_tag?post=13889"}],"curies":[{"name":"wp","href":"https:\/\/api.w.org\/{rel}","templated":true}]}}