{"id":13781,"date":"2023-03-23T14:30:07","date_gmt":"2023-03-23T12:30:07","guid":{"rendered":"https:\/\/mundimueble.com\/?post_type=product&#038;p=13781"},"modified":"2025-09-12T13:11:03","modified_gmt":"2025-09-12T11:11:03","slug":"dormitorio-juvenil-018","status":"publish","type":"product","link":"https:\/\/mundimueble.com\/index.php\/producto\/dormitorio-juvenil-018\/","title":{"rendered":"Dormitorio juvenil \u00c1rea Joven &#8211; 018"},"content":{"rendered":"<p>COMBINACIONES ILIMITADAS DE<br \/>\nCOLOR, HERRAJES DE ALTA CALIDAD,<br \/>\nMEDIDAS ESPECIALES, BISAGRAS<br \/>\nDE AMORTIGUACI\u00d3N Y GU\u00cdAS DE<br \/>\nCAJ\u00d3N CON CIERRE SUAVE.<\/p>\n<p>Acabado Base: Roble<br \/>\nCombinaci\u00f3n: Persa y Crema<br \/>\nTirador: Asa met\u00e1lica<\/p>\n","protected":false},"excerpt":{"rendered":"<p>COMBINACIONES ILIMITADAS DE COLOR, HERRAJES DE ALTA CALIDAD, MEDIDAS ESPECIALES, BISAGRAS DE AMORTIGUACI\u00d3N Y GU\u00cdAS DE CAJ\u00d3N CON CIERRE SUAVE. Acabado Base: Roble Combinaci\u00f3n: Persa y Crema Tirador: Asa met\u00e1lica<\/p>\n","protected":false},"featured_media":13782,"template":"","meta":[],"product_brand":[328],"product_cat":[188,189],"product_tag":[329,301,306],"class_list":{"0":"post-13781","1":"product","2":"type-product","3":"status-publish","4":"has-post-thumbnail","6":"product_brand-hnos-aparicio-donoso","7":"product_cat-dormitorios","8":"product_cat-dormitorio-juvenil","9":"product_tag-area-joven","10":"product_tag-dormitorio","11":"product_tag-dormitorio-juvenil","13":"entry","14":"has-media","16":"first","17":"instock","18":"taxable","19":"shipping-taxable","20":"product-type-simple","21":"has-product-nav","22":"col","23":"span_1_of_3","24":"owp-content-center","25":"owp-thumbs-layout-horizontal","26":"owp-btn-normal","27":"owp-tabs-layout-horizontal"},"_links":{"self":[{"href":"https:\/\/mundimueble.com\/index.php\/wp-json\/wp\/v2\/product\/13781","targetHints":{"allow":["GET"]}}],"collection":[{"href":"https:\/\/mundimueble.com\/index.php\/wp-json\/wp\/v2\/product"}],"about":[{"href":"https:\/\/mundimueble.com\/index.php\/wp-json\/wp\/v2\/types\/product"}],"version-history":[{"count":0,"href":"https:\/\/mundimueble.com\/index.php\/wp-json\/wp\/v2\/product\/13781\/revisions"}],"wp:featuredmedia":[{"embeddable":true,"href":"https:\/\/mundimueble.com\/index.php\/wp-json\/wp\/v2\/media\/13782"}],"wp:attachment":[{"href":"https:\/\/mundimueble.com\/index.php\/wp-json\/wp\/v2\/media?parent=13781"}],"wp:term":[{"taxonomy":"product_brand","embeddable":true,"href":"https:\/\/mundimueble.com\/index.php\/wp-json\/wp\/v2\/product_brand?post=13781"},{"taxonomy":"product_cat","embeddable":true,"href":"https:\/\/mundimueble.com\/index.php\/wp-json\/wp\/v2\/product_cat?post=13781"},{"taxonomy":"product_tag","embeddable":true,"href":"https:\/\/mundimueble.com\/index.php\/wp-json\/wp\/v2\/product_tag?post=13781"}],"curies":[{"name":"wp","href":"https:\/\/api.w.org\/{rel}","templated":true}]}}