{"id":13756,"date":"2023-03-22T14:34:18","date_gmt":"2023-03-22T12:34:18","guid":{"rendered":"https:\/\/mundimueble.com\/?post_type=product&#038;p=13756"},"modified":"2025-09-12T12:45:48","modified_gmt":"2025-09-12T10:45:48","slug":"dormitorio-juvenil-004","status":"publish","type":"product","link":"https:\/\/mundimueble.com\/index.php\/producto\/dormitorio-juvenil-004\/","title":{"rendered":"Dormitorio juvenil \u00c1rea Joven &#8211; 004"},"content":{"rendered":"<p>PARA APROVECHAR LA HABITACI\u00d3N AL M\u00c1XIMO, LAS CAMAS EST\u00c1N EQUIPADAS CON CAJONES EN LA PARTE INFERIOR, AMPLIOS ARMARIOS Y ESTANTER\u00cdAS. SU DISE\u00d1O LE DA PERSONALIDAD A ESTE DORMITORIO.<\/p>\n<p>Acabado Base: N\u00f3rdico<br \/>\nCombinaci\u00f3n: Cobalto<br \/>\nTirador: Rectangular embutido<\/p>\n","protected":false},"excerpt":{"rendered":"<p>PARA APROVECHAR LA HABITACI\u00d3N AL M\u00c1XIMO, LAS CAMAS EST\u00c1N EQUIPADAS CON CAJONES EN LA PARTE INFERIOR, AMPLIOS ARMARIOS Y ESTANTER\u00cdAS. SU DISE\u00d1O LE DA PERSONALIDAD A ESTE DORMITORIO. Acabado Base: N\u00f3rdico Combinaci\u00f3n: Cobalto Tirador: Rectangular embutido<\/p>\n","protected":false},"featured_media":13757,"template":"","meta":[],"product_brand":[328],"product_cat":[188,189],"product_tag":[329,301,306],"class_list":{"0":"post-13756","1":"product","2":"type-product","3":"status-publish","4":"has-post-thumbnail","6":"product_brand-hnos-aparicio-donoso","7":"product_cat-dormitorios","8":"product_cat-dormitorio-juvenil","9":"product_tag-area-joven","10":"product_tag-dormitorio","11":"product_tag-dormitorio-juvenil","13":"entry","14":"has-media","16":"first","17":"instock","18":"taxable","19":"shipping-taxable","20":"product-type-simple","21":"has-product-nav","22":"col","23":"span_1_of_3","24":"owp-content-center","25":"owp-thumbs-layout-horizontal","26":"owp-btn-normal","27":"owp-tabs-layout-horizontal"},"_links":{"self":[{"href":"https:\/\/mundimueble.com\/index.php\/wp-json\/wp\/v2\/product\/13756","targetHints":{"allow":["GET"]}}],"collection":[{"href":"https:\/\/mundimueble.com\/index.php\/wp-json\/wp\/v2\/product"}],"about":[{"href":"https:\/\/mundimueble.com\/index.php\/wp-json\/wp\/v2\/types\/product"}],"version-history":[{"count":1,"href":"https:\/\/mundimueble.com\/index.php\/wp-json\/wp\/v2\/product\/13756\/revisions"}],"predecessor-version":[{"id":15292,"href":"https:\/\/mundimueble.com\/index.php\/wp-json\/wp\/v2\/product\/13756\/revisions\/15292"}],"wp:featuredmedia":[{"embeddable":true,"href":"https:\/\/mundimueble.com\/index.php\/wp-json\/wp\/v2\/media\/13757"}],"wp:attachment":[{"href":"https:\/\/mundimueble.com\/index.php\/wp-json\/wp\/v2\/media?parent=13756"}],"wp:term":[{"taxonomy":"product_brand","embeddable":true,"href":"https:\/\/mundimueble.com\/index.php\/wp-json\/wp\/v2\/product_brand?post=13756"},{"taxonomy":"product_cat","embeddable":true,"href":"https:\/\/mundimueble.com\/index.php\/wp-json\/wp\/v2\/product_cat?post=13756"},{"taxonomy":"product_tag","embeddable":true,"href":"https:\/\/mundimueble.com\/index.php\/wp-json\/wp\/v2\/product_tag?post=13756"}],"curies":[{"name":"wp","href":"https:\/\/api.w.org\/{rel}","templated":true}]}}