{"id":13110,"date":"2017-09-08T10:20:16","date_gmt":"2017-09-08T08:20:16","guid":{"rendered":"https:\/\/mundimueble.com\/?post_type=product&#038;p=13110"},"modified":"2025-09-24T13:01:00","modified_gmt":"2025-09-24T11:01:00","slug":"chaise-longue-moderno-pedro-ortiz-cinthia","status":"publish","type":"product","link":"https:\/\/mundimueble.com\/index.php\/producto\/chaise-longue-moderno-pedro-ortiz-cinthia\/","title":{"rendered":"Sof\u00e1 Modular Cinthia"},"content":{"rendered":"<p>El\u00a0<strong>sof\u00e1 Modular Cinthia<\/strong>\u00a0de\u00a0<strong>Pedro<\/strong>\u00a0<strong>Ortiz<\/strong> se presenta como una pieza clave para aquellos que buscan fusionar el dise\u00f1o contempor\u00e1neo con la m\u00e1xima comodidad. Su silueta, definida por l\u00edneas curvas y sofisticadas, aporta una est\u00e9tica intemporal que se adapta a una amplia gama de estilos decorativos. Este modelo se puede personalizar tanto en tela, como en acabados y mecanismos, por lo que siempre encontrar\u00e1s la combinaci\u00f3n que mejor encaje contigo.<\/p>\n<p>\u2022 <strong>Estructura<\/strong>: Madera de pino con tablero de part\u00edculas<br \/>\n\u2022 <strong>Suspensi\u00f3n<\/strong> <strong>asiento<\/strong>: Bastidor met\u00e1lico muelles ZZ<br \/>\n\u2022 <strong>Mecanismo<\/strong>: Relax el\u00e9ctrico o deslizante (35 cm) y cabezal abatible<br \/>\n\u2022 <strong>Asientos<\/strong>: Espuma poliuretano 35kg. suave<br \/>\n\u2022 <strong>Ri\u00f1onera<\/strong>: Espuma suave<br \/>\n\u2022 <strong>Cabezal<\/strong>: Espuma super suave recubierto fibra<br \/>\n\u2022 <strong>Desenfundable<\/strong>: Tela: Asiento y respaldo, Piel: Respaldo (+ asiento S\u00d3LO si es DESLIZANTE)<\/p>\n","protected":false},"excerpt":{"rendered":"<p>El\u00a0sof\u00e1 Modular Cinthia\u00a0de\u00a0Pedro\u00a0Ortiz se presenta como una pieza clave para aquellos que buscan fusionar el dise\u00f1o contempor\u00e1neo con la m\u00e1xima comodidad. Su silueta, definida por l\u00edneas curvas y sofisticadas, aporta una est\u00e9tica intemporal que se adapta a una amplia gama de estilos decorativos. Este modelo se puede personalizar tanto en tela, como en acabados y [&hellip;]<\/p>\n","protected":false},"featured_media":15038,"template":"","meta":[],"product_brand":[296],"product_cat":[204,195],"product_tag":[322,297],"class_list":{"0":"post-13110","1":"product","2":"type-product","3":"status-publish","4":"has-post-thumbnail","6":"product_brand-pedro-ortiz","7":"product_cat-sofas-y-chaiselongues","8":"product_cat-sofas-y-sillones","9":"product_tag-chaise-longue","10":"product_tag-sofa","12":"entry","13":"has-media","15":"first","16":"instock","17":"taxable","18":"shipping-taxable","19":"product-type-simple","20":"has-product-nav","21":"col","22":"span_1_of_3","23":"owp-content-center","24":"owp-thumbs-layout-horizontal","25":"owp-btn-normal","26":"owp-tabs-layout-horizontal"},"_links":{"self":[{"href":"https:\/\/mundimueble.com\/index.php\/wp-json\/wp\/v2\/product\/13110","targetHints":{"allow":["GET"]}}],"collection":[{"href":"https:\/\/mundimueble.com\/index.php\/wp-json\/wp\/v2\/product"}],"about":[{"href":"https:\/\/mundimueble.com\/index.php\/wp-json\/wp\/v2\/types\/product"}],"version-history":[{"count":1,"href":"https:\/\/mundimueble.com\/index.php\/wp-json\/wp\/v2\/product\/13110\/revisions"}],"predecessor-version":[{"id":15035,"href":"https:\/\/mundimueble.com\/index.php\/wp-json\/wp\/v2\/product\/13110\/revisions\/15035"}],"wp:featuredmedia":[{"embeddable":true,"href":"https:\/\/mundimueble.com\/index.php\/wp-json\/wp\/v2\/media\/15038"}],"wp:attachment":[{"href":"https:\/\/mundimueble.com\/index.php\/wp-json\/wp\/v2\/media?parent=13110"}],"wp:term":[{"taxonomy":"product_brand","embeddable":true,"href":"https:\/\/mundimueble.com\/index.php\/wp-json\/wp\/v2\/product_brand?post=13110"},{"taxonomy":"product_cat","embeddable":true,"href":"https:\/\/mundimueble.com\/index.php\/wp-json\/wp\/v2\/product_cat?post=13110"},{"taxonomy":"product_tag","embeddable":true,"href":"https:\/\/mundimueble.com\/index.php\/wp-json\/wp\/v2\/product_tag?post=13110"}],"curies":[{"name":"wp","href":"https:\/\/api.w.org\/{rel}","templated":true}]}}

Sofá Modular Cinthia

<p>El <strong>sofá Modular Cinthia</strong> de <strong>Pedro</strong> <strong>Ortiz</strong> se presenta como una pieza clave para aquellos que buscan fusionar el diseño contemporáneo con la máxima comodidad. Su silueta, definida por líneas curvas y sofisticadas, aporta una estética intemporal que se adapta a una amplia gama de estilos decorativos. Este modelo se puede personalizar tanto en tela, como en acabados y mecanismos, por lo que siempre encontrarás la combinación que mejor encaje contigo.</p>
<p>• <strong>Estructura</strong>: Madera de pino con tablero de partículas<br />
• <strong>Suspensión</strong> <strong>asiento</strong>: Bastidor metálico muelles ZZ<br />
• <strong>Mecanismo</strong>: Relax eléctrico o deslizante (35 cm) y cabezal abatible<br />
• <strong>Asientos</strong>: Espuma poliuretano 35kg. suave<br />
• <strong>Riñonera</strong>: Espuma suave<br />
• <strong>Cabezal</strong>: Espuma super suave recubierto fibra<br />
• <strong>Desenfundable</strong>: Tela: Asiento y respaldo, Piel: Respaldo (+ asiento SÓLO si es DESLIZANTE)</p>

<p>El sofá Modular Cinthia de Pedro Ortiz se presenta como una pieza clave para aquellos que buscan fusionar el diseño contemporáneo con la máxima comodidad. Su silueta, definida por líneas curvas y sofisticadas, aporta una estética intemporal que se adapta a una amplia gama de estilos decorativos. Este modelo se puede personalizar tanto en tela, como en acabados y [&hellip;]</p>
