{"id":12887,"date":"2017-09-07T12:57:46","date_gmt":"2017-09-07T10:57:46","guid":{"rendered":"https:\/\/mundimueble.com\/?post_type=product&#038;p=12887"},"modified":"2025-09-09T20:28:43","modified_gmt":"2025-09-09T18:28:43","slug":"sofa-cama-moderno-mayor-vega","status":"publish","type":"product","link":"https:\/\/mundimueble.com\/index.php\/producto\/sofa-cama-moderno-mayor-vega\/","title":{"rendered":"Sof\u00e1 Cama Vega"},"content":{"rendered":"<p>El sof\u00e1 cama Vega es un sof\u00e1 cama de l\u00edneas sencillas y depuradas con respaldos fabricados en fibra hueca siliconada. Asientos y respaldos desenfundables para facilitar la limpieza. No es necesario retirar asientos ni respaldos para abrir la cama e incluye dos cojines de fibra de adorno.<\/p>\n<p>Colch\u00f3n de 140 cent\u00edmetros de ancho por 185 cent\u00edmetros de largo. Existe la opci\u00f3n de colch\u00f3n m\u00e1s peque\u00f1o de 120 cent\u00edmetros de ancho. Grosor de 12 cent\u00edmetros. Colch\u00f3n cerrado y acolchado por ambas caras con goma 25Kg. Opcional colch\u00f3n de HR35Kg \u00f3 HR35Kg + 3 cent\u00edmetros de viscoel\u00e1stica. Los brazos y trasera son desmontables (sistema de gu\u00edas). Patas de madera con diferentes opciones de color a elegir: Wengu\u00e9, Nogal y Roble natural.<\/p>\n<p>\u00abUn sof\u00e1 cama tradicional que suma comodidad y funcionalidad\u00bb<\/p>\n","protected":false},"excerpt":{"rendered":"<p>El sof\u00e1 cama Vega es un sof\u00e1 cama de l\u00edneas sencillas y depuradas con respaldos fabricados en fibra hueca siliconada. Asientos y respaldos desenfundables para facilitar la limpieza. No es necesario retirar asientos ni respaldos para abrir la cama e incluye dos cojines de fibra de adorno. Colch\u00f3n de 140 cent\u00edmetros de ancho por 185 [&hellip;]<\/p>\n","protected":false},"featured_media":15239,"template":"","meta":[],"product_brand":[320],"product_cat":[206,195],"product_tag":[297,321],"class_list":{"0":"post-12887","1":"product","2":"type-product","3":"status-publish","4":"has-post-thumbnail","6":"product_brand-mayor-tapizados","7":"product_cat-sofas-cama","8":"product_cat-sofas-y-sillones","9":"product_tag-sofa","10":"product_tag-sofa-cama","12":"entry","13":"has-media","15":"first","16":"instock","17":"taxable","18":"shipping-taxable","19":"product-type-simple","20":"has-product-nav","21":"col","22":"span_1_of_3","23":"owp-content-center","24":"owp-thumbs-layout-horizontal","25":"owp-btn-normal","26":"owp-tabs-layout-horizontal"},"_links":{"self":[{"href":"https:\/\/mundimueble.com\/index.php\/wp-json\/wp\/v2\/product\/12887","targetHints":{"allow":["GET"]}}],"collection":[{"href":"https:\/\/mundimueble.com\/index.php\/wp-json\/wp\/v2\/product"}],"about":[{"href":"https:\/\/mundimueble.com\/index.php\/wp-json\/wp\/v2\/types\/product"}],"version-history":[{"count":1,"href":"https:\/\/mundimueble.com\/index.php\/wp-json\/wp\/v2\/product\/12887\/revisions"}],"predecessor-version":[{"id":15236,"href":"https:\/\/mundimueble.com\/index.php\/wp-json\/wp\/v2\/product\/12887\/revisions\/15236"}],"wp:featuredmedia":[{"embeddable":true,"href":"https:\/\/mundimueble.com\/index.php\/wp-json\/wp\/v2\/media\/15239"}],"wp:attachment":[{"href":"https:\/\/mundimueble.com\/index.php\/wp-json\/wp\/v2\/media?parent=12887"}],"wp:term":[{"taxonomy":"product_brand","embeddable":true,"href":"https:\/\/mundimueble.com\/index.php\/wp-json\/wp\/v2\/product_brand?post=12887"},{"taxonomy":"product_cat","embeddable":true,"href":"https:\/\/mundimueble.com\/index.php\/wp-json\/wp\/v2\/product_cat?post=12887"},{"taxonomy":"product_tag","embeddable":true,"href":"https:\/\/mundimueble.com\/index.php\/wp-json\/wp\/v2\/product_tag?post=12887"}],"curies":[{"name":"wp","href":"https:\/\/api.w.org\/{rel}","templated":true}]}}

Sofá Cama Vega

<p>El sofá cama Vega es un sofá cama de líneas sencillas y depuradas con respaldos fabricados en fibra hueca siliconada. Asientos y respaldos desenfundables para facilitar la limpieza. No es necesario retirar asientos ni respaldos para abrir la cama e incluye dos cojines de fibra de adorno.</p>
<p>Colchón de 140 centímetros de ancho por 185 centímetros de largo. Existe la opción de colchón más pequeño de 120 centímetros de ancho. Grosor de 12 centímetros. Colchón cerrado y acolchado por ambas caras con goma 25Kg. Opcional colchón de HR35Kg ó HR35Kg + 3 centímetros de viscoelástica. Los brazos y trasera son desmontables (sistema de guías). Patas de madera con diferentes opciones de color a elegir: Wengué, Nogal y Roble natural.</p>
<p>«Un sofá cama tradicional que suma comodidad y funcionalidad»</p>

<p>El sofá cama Vega es un sofá cama de líneas sencillas y depuradas con respaldos fabricados en fibra hueca siliconada. Asientos y respaldos desenfundables para facilitar la limpieza. No es necesario retirar asientos ni respaldos para abrir la cama e incluye dos cojines de fibra de adorno. Colchón de 140 centímetros de ancho por 185 [&hellip;]</p>
