{"id":12884,"date":"2017-09-07T12:56:11","date_gmt":"2017-09-07T10:56:11","guid":{"rendered":"https:\/\/mundimueble.com\/?post_type=product&#038;p=12884"},"modified":"2025-09-09T20:34:04","modified_gmt":"2025-09-09T18:34:04","slug":"sofa-cama-moderno-mayor-topo","status":"publish","type":"product","link":"https:\/\/mundimueble.com\/index.php\/producto\/sofa-cama-moderno-mayor-topo\/","title":{"rendered":"Sof\u00e1 Cama Topo"},"content":{"rendered":"<p>El sof\u00e1 cama Topo es un sof\u00e1 cama sencillo a la par que pr\u00e1ctico, de medidas reducidas, ideal para apartamentos, estudios y el sector del Contract. Un sof\u00e1 cama compacto con frente, brazos y trasera unidos en una s\u00f3la pieza. Los asientos y respaldos son desenfundables. Los respaldos y apoyabrazos de fibra hueca siliconada aportan un gran confort en la sentada. No es necesario retirar asientos y respaldos para abrir la cama. Existe sill\u00f3n cama a juego con colch\u00f3n de 90 x 185 cent\u00edmetros.<\/p>\n<p>Colch\u00f3n de 140 cent\u00edmetros de ancho por 185 cent\u00edmetros de largo. Opci\u00f3n de colch\u00f3n m\u00e1s peque\u00f1o de 120 cent\u00edmetros de ancho. Colch\u00f3n con grosor de 12 cent\u00edmetros, cerrado y acolchado por ambas caras con goma 25Kg. Opcional colch\u00f3n de HR35Kg \u00f3 HR35Kg + 3 cent\u00edmetros de viscoel\u00e1stica. Patas de madera con diferentes opciones de color a elegir: Wengu\u00e9, Nogal y Roble natural<\/p>\n<p>\u00abSof\u00e1 cama s\u00faper reducido sin renunciar a una cama con colch\u00f3n de 140 cms.de ancho. Un b\u00e1sico ideal para espacios reducidos y para el canal Contract\u00bb<\/p>\n","protected":false},"excerpt":{"rendered":"<p>El sof\u00e1 cama Topo es un sof\u00e1 cama sencillo a la par que pr\u00e1ctico, de medidas reducidas, ideal para apartamentos, estudios y el sector del Contract. Un sof\u00e1 cama compacto con frente, brazos y trasera unidos en una s\u00f3la pieza. Los asientos y respaldos son desenfundables. Los respaldos y apoyabrazos de fibra hueca siliconada aportan [&hellip;]<\/p>\n","protected":false},"featured_media":15243,"template":"","meta":[],"product_brand":[320],"product_cat":[206,195],"product_tag":[297,321],"class_list":{"0":"post-12884","1":"product","2":"type-product","3":"status-publish","4":"has-post-thumbnail","6":"product_brand-mayor-tapizados","7":"product_cat-sofas-cama","8":"product_cat-sofas-y-sillones","9":"product_tag-sofa","10":"product_tag-sofa-cama","12":"entry","13":"has-media","15":"first","16":"instock","17":"taxable","18":"shipping-taxable","19":"product-type-simple","20":"has-product-nav","21":"col","22":"span_1_of_3","23":"owp-content-center","24":"owp-thumbs-layout-horizontal","25":"owp-btn-normal","26":"owp-tabs-layout-horizontal"},"_links":{"self":[{"href":"https:\/\/mundimueble.com\/index.php\/wp-json\/wp\/v2\/product\/12884","targetHints":{"allow":["GET"]}}],"collection":[{"href":"https:\/\/mundimueble.com\/index.php\/wp-json\/wp\/v2\/product"}],"about":[{"href":"https:\/\/mundimueble.com\/index.php\/wp-json\/wp\/v2\/types\/product"}],"version-history":[{"count":1,"href":"https:\/\/mundimueble.com\/index.php\/wp-json\/wp\/v2\/product\/12884\/revisions"}],"predecessor-version":[{"id":15244,"href":"https:\/\/mundimueble.com\/index.php\/wp-json\/wp\/v2\/product\/12884\/revisions\/15244"}],"wp:featuredmedia":[{"embeddable":true,"href":"https:\/\/mundimueble.com\/index.php\/wp-json\/wp\/v2\/media\/15243"}],"wp:attachment":[{"href":"https:\/\/mundimueble.com\/index.php\/wp-json\/wp\/v2\/media?parent=12884"}],"wp:term":[{"taxonomy":"product_brand","embeddable":true,"href":"https:\/\/mundimueble.com\/index.php\/wp-json\/wp\/v2\/product_brand?post=12884"},{"taxonomy":"product_cat","embeddable":true,"href":"https:\/\/mundimueble.com\/index.php\/wp-json\/wp\/v2\/product_cat?post=12884"},{"taxonomy":"product_tag","embeddable":true,"href":"https:\/\/mundimueble.com\/index.php\/wp-json\/wp\/v2\/product_tag?post=12884"}],"curies":[{"name":"wp","href":"https:\/\/api.w.org\/{rel}","templated":true}]}}