{"id":12857,"date":"2017-09-07T12:41:03","date_gmt":"2017-09-07T10:41:03","guid":{"rendered":"https:\/\/mundimueble.com\/?post_type=product&#038;p=12857"},"modified":"2025-09-09T20:44:31","modified_gmt":"2025-09-09T18:44:31","slug":"sofa-cama-moderno-mayor-lotus","status":"publish","type":"product","link":"https:\/\/mundimueble.com\/index.php\/producto\/sofa-cama-moderno-mayor-lotus\/","title":{"rendered":"Sof\u00e1 Cama Lotus"},"content":{"rendered":"<p>El sof\u00e1 cama Lotus, es un sof\u00e1 cama de dise\u00f1o contempor\u00e1neo y funcional que se adapta a cualquier tipo de espacio. Sus asientos y altos respaldos son desenfundables. Los respaldos y apoyabrazos est\u00e1n fabricados en fibra hueca siliconada, aportando un gran confort a la sentada. Puede combinarse la cama con el resto de m\u00f3dulos deslizantes y chaiselongue-arc\u00f3n. No es necesario retirar asientos o respaldos para abrir la cama.<\/p>\n<p>Dispone de tres medidas de colch\u00f3n: 120, 140 y 160 cent\u00edmetros por 200 cent\u00edmetros de ancho. Colch\u00f3n cerrado de 15 cent\u00edmetros de grosor y acolchado por ambas caras con goma 25Kg. Opcional colch\u00f3n de 35Kg \u00f3 35Kg + 3 cent\u00edmetros de viscoel\u00e1stica.<\/p>\n<p>Los brazos pueden ser de 12, 18 o 24 cent\u00edmetros (por defecto). Los brazos y la trasera son desmontables con sistema de gu\u00edas. Las patas de madera disponen de m\u00faltiples opciones de color a elegir: Wengu\u00e9, Nogal o Roble natural.<\/p>\n","protected":false},"excerpt":{"rendered":"<p>El sof\u00e1 cama Lotus, es un sof\u00e1 cama de dise\u00f1o contempor\u00e1neo y funcional que se adapta a cualquier tipo de espacio. Sus asientos y altos respaldos son desenfundables. Los respaldos y apoyabrazos est\u00e1n fabricados en fibra hueca siliconada, aportando un gran confort a la sentada. Puede combinarse la cama con el resto de m\u00f3dulos deslizantes [&hellip;]<\/p>\n","protected":false},"featured_media":12858,"template":"","meta":[],"product_brand":[320],"product_cat":[206,195],"product_tag":[297,321],"class_list":{"0":"post-12857","1":"product","2":"type-product","3":"status-publish","4":"has-post-thumbnail","6":"product_brand-mayor-tapizados","7":"product_cat-sofas-cama","8":"product_cat-sofas-y-sillones","9":"product_tag-sofa","10":"product_tag-sofa-cama","12":"entry","13":"has-media","15":"first","16":"instock","17":"taxable","18":"shipping-taxable","19":"product-type-simple","20":"has-product-nav","21":"col","22":"span_1_of_3","23":"owp-content-center","24":"owp-thumbs-layout-horizontal","25":"owp-btn-normal","26":"owp-tabs-layout-horizontal"},"_links":{"self":[{"href":"https:\/\/mundimueble.com\/index.php\/wp-json\/wp\/v2\/product\/12857","targetHints":{"allow":["GET"]}}],"collection":[{"href":"https:\/\/mundimueble.com\/index.php\/wp-json\/wp\/v2\/product"}],"about":[{"href":"https:\/\/mundimueble.com\/index.php\/wp-json\/wp\/v2\/types\/product"}],"version-history":[{"count":1,"href":"https:\/\/mundimueble.com\/index.php\/wp-json\/wp\/v2\/product\/12857\/revisions"}],"predecessor-version":[{"id":15250,"href":"https:\/\/mundimueble.com\/index.php\/wp-json\/wp\/v2\/product\/12857\/revisions\/15250"}],"wp:featuredmedia":[{"embeddable":true,"href":"https:\/\/mundimueble.com\/index.php\/wp-json\/wp\/v2\/media\/12858"}],"wp:attachment":[{"href":"https:\/\/mundimueble.com\/index.php\/wp-json\/wp\/v2\/media?parent=12857"}],"wp:term":[{"taxonomy":"product_brand","embeddable":true,"href":"https:\/\/mundimueble.com\/index.php\/wp-json\/wp\/v2\/product_brand?post=12857"},{"taxonomy":"product_cat","embeddable":true,"href":"https:\/\/mundimueble.com\/index.php\/wp-json\/wp\/v2\/product_cat?post=12857"},{"taxonomy":"product_tag","embeddable":true,"href":"https:\/\/mundimueble.com\/index.php\/wp-json\/wp\/v2\/product_tag?post=12857"}],"curies":[{"name":"wp","href":"https:\/\/api.w.org\/{rel}","templated":true}]}}

Sofá Cama Lotus

<p>El sofá cama Lotus, es un sofá cama de diseño contemporáneo y funcional que se adapta a cualquier tipo de espacio. Sus asientos y altos respaldos son desenfundables. Los respaldos y apoyabrazos están fabricados en fibra hueca siliconada, aportando un gran confort a la sentada. Puede combinarse la cama con el resto de módulos deslizantes y chaiselongue-arcón. No es necesario retirar asientos o respaldos para abrir la cama.</p>
<p>Dispone de tres medidas de colchón: 120, 140 y 160 centímetros por 200 centímetros de ancho. Colchón cerrado de 15 centímetros de grosor y acolchado por ambas caras con goma 25Kg. Opcional colchón de 35Kg ó 35Kg + 3 centímetros de viscoelástica.</p>
<p>Los brazos pueden ser de 12, 18 o 24 centímetros (por defecto). Los brazos y la trasera son desmontables con sistema de guías. Las patas de madera disponen de múltiples opciones de color a elegir: Wengué, Nogal o Roble natural.</p>

<p>El sofá cama Lotus, es un sofá cama de diseño contemporáneo y funcional que se adapta a cualquier tipo de espacio. Sus asientos y altos respaldos son desenfundables. Los respaldos y apoyabrazos están fabricados en fibra hueca siliconada, aportando un gran confort a la sentada. Puede combinarse la cama con el resto de módulos deslizantes [&hellip;]</p>
